{"id":9004,"date":"2025-10-13T16:14:08","date_gmt":"2025-10-13T14:14:08","guid":{"rendered":"https:\/\/www.eintracht-schretzheim.de\/?page_id=9004"},"modified":"2026-02-24T10:47:40","modified_gmt":"2026-02-24T09:47:40","slug":"luftgewehr-3-2","status":"publish","type":"page","link":"https:\/\/www.eintracht-schretzheim.de\/?page_id=9004","title":{"rendered":"Luftgewehr 3 (2026)"},"content":{"rendered":"\n\n<div class=\"su-posts su-posts-default-loop \">\n\n\t\n\t\t\t\t\t\n\t\t\t\n\t\t\t<div id=\"su-post-8990\" class=\"su-post \">\n\n\t\t\t\t\n\t\t\t\t<h2 class=\"su-post-title\"><a href=\"https:\/\/www.eintracht-schretzheim.de\/?p=8990\">RWK 2026 &#8211; LG3 &#8211; Runde 1<\/a><\/h2>\n\n\t\t\t\t<div class=\"su-post-meta\">\n\t\t\t\t\tVer\u00f6ffentlicht: 12. Oktober 2025\t\t\t\t<\/div>\n\n\t\t\t\t<div class=\"su-post-excerpt\">\n\t\t\t\t\t<p>Frische Motivation Zum Auftakt in die B-Klasse 2 des Gaurundenwettkampfes durfte unsere 3. LG Mannschaft , welche aus den &#8222;alten&#8220; Jugendsch\u00fctzen und dem jung geblieben Mannschaftsf\u00fchrer Hufnagel Benedikt besteht, nach Oberstotzingen reisen. Dort zeigten sie gleich mal in eindrucksvoller Weise, dass sie dieses Jahr ein W\u00f6rtchen in der Meisterschaft mitreden wollen. Johannes D\u00f6rle, der mit&#8230;<\/p>\n\t\t\t\t<\/div>\n\n\t\t\t\t\t\t\t\t\t<a href=\"https:\/\/www.eintracht-schretzheim.de\/?p=8990#respond\" class=\"su-post-comments-link\">0 Kommentare<\/a>\n\t\t\t\t\n\t\t\t<\/div>\n\n\t\t\t\t\t\n\t\t\t\n\t\t\t<div id=\"su-post-9090\" class=\"su-post \">\n\n\t\t\t\t\n\t\t\t\t<h2 class=\"su-post-title\"><a href=\"https:\/\/www.eintracht-schretzheim.de\/?p=9090\">RWK 2026 &#8211; LG3 &#8211; Runde 2<\/a><\/h2>\n\n\t\t\t\t<div class=\"su-post-meta\">\n\t\t\t\t\tVer\u00f6ffentlicht: 29. Oktober 2025\t\t\t\t<\/div>\n\n\t\t\t\t<div class=\"su-post-excerpt\">\n\t\t\t\t\t<p>Weiter auf Erfolgskurs In der 2. Runde durften unsere Jungs diesmal die G\u00e4ste aus Deisenhofen in Schretzheim begr\u00fc\u00dfen. Mit Miehlich Florian, der in diesem Wettkampf Benedikt Hufnagel ersetzen durfte, hatte unsere Jugend gleich mal ein richtiges Ass im \u00c4rmel. Er legte mit hervorragenden 387 Ringen die Messlatte sehr hoch, sodass unsere G\u00e4ste dann doch daran&#8230;<\/p>\n\t\t\t\t<\/div>\n\n\t\t\t\t\t\t\t\t\t<a href=\"https:\/\/www.eintracht-schretzheim.de\/?p=9090#respond\" class=\"su-post-comments-link\">0 Kommentare<\/a>\n\t\t\t\t\n\t\t\t<\/div>\n\n\t\t\t\t\t\n\t\t\t\n\t\t\t<div id=\"su-post-9180\" class=\"su-post \">\n\n\t\t\t\t\n\t\t\t\t<h2 class=\"su-post-title\"><a href=\"https:\/\/www.eintracht-schretzheim.de\/?p=9180\">RWK 2026 &#8211; LG3 &#8211; Runde 3<\/a><\/h2>\n\n\t\t\t\t<div class=\"su-post-meta\">\n\t\t\t\t\tVer\u00f6ffentlicht: 20. November 2025\t\t\t\t<\/div>\n\n\t\t\t\t<div class=\"su-post-excerpt\">\n\t\t\t\t\t<p>Auf und nieder, immer wieder Beim Ausw\u00e4rtskampf in Unterbechingen durften unsere jungen Wilden wieder an den Stand, angef\u00fchrt von Benedikt Hufnagel, der diesmal mit 357 Ringen etwas schw\u00e4chelte. Aber Maximilian Wohlmann (374 Ringe) und Johannes D\u00f6rle (378 Ringe) machten mit richtig starken Ergebnissen so einiges wieder wett. Doch Johannes Mayer hatte diesmal mit gro\u00dfen Problemen&#8230;<\/p>\n\t\t\t\t<\/div>\n\n\t\t\t\t\t\t\t\t\t<a href=\"https:\/\/www.eintracht-schretzheim.de\/?p=9180#respond\" class=\"su-post-comments-link\">0 Kommentare<\/a>\n\t\t\t\t\n\t\t\t<\/div>\n\n\t\t\t\t\t\n\t\t\t\n\t\t\t<div id=\"su-post-9264\" class=\"su-post \">\n\n\t\t\t\t\n\t\t\t\t<h2 class=\"su-post-title\"><a href=\"https:\/\/www.eintracht-schretzheim.de\/?p=9264\">RWK 2026 &#8211; LG3 &#8211; Runde 4<\/a><\/h2>\n\n\t\t\t\t<div class=\"su-post-meta\">\n\t\t\t\t\tVer\u00f6ffentlicht: 13. Dezember 2025\t\t\t\t<\/div>\n\n\t\t\t\t<div class=\"su-post-excerpt\">\n\t\t\t\t\t<p>Wieder auf Kurs! Nach der leichten Schw\u00e4chephase im letzten Wettkampf konnten unsere Junioren und ihr Mentor Benedikt wieder an ihre alten Leistungen ankn\u00fcpfen. Top in Form pr\u00e4sentierte sich Maximilian Wohlmann, der mit seinen 379 Ringen seine Kameraden ins Staunen brachte. Doch die wussten an diesem Abend auch zu gefallen. Johannes D\u00f6rle (363 Ringe) und ihr&#8230;<\/p>\n\t\t\t\t<\/div>\n\n\t\t\t\t\t\t\t\t\t<a href=\"https:\/\/www.eintracht-schretzheim.de\/?p=9264#respond\" class=\"su-post-comments-link\">0 Kommentare<\/a>\n\t\t\t\t\n\t\t\t<\/div>\n\n\t\t\t\t\t\n\t\t\t\n\t\t\t<div id=\"su-post-9280\" class=\"su-post \">\n\n\t\t\t\t\n\t\t\t\t<h2 class=\"su-post-title\"><a href=\"https:\/\/www.eintracht-schretzheim.de\/?p=9280\">RWK 2026 &#8211; LG3 &#8211; Runde 5<\/a><\/h2>\n\n\t\t\t\t<div class=\"su-post-meta\">\n\t\t\t\t\tVer\u00f6ffentlicht: 16. Dezember 2025\t\t\t\t<\/div>\n\n\t\t\t\t<div class=\"su-post-excerpt\">\n\t\t\t\t\t<p>Halbzeitmeister Zum Abschluss der Hinrunde war unsere Truppe zu Gast in Fristingen und schlossen dort erneut an ihre guten Leistungen\u00a0 an. So war es auch diesmal wieder Maximilian Wohlmann vorbehalten, mit sehr guten 375 Ringen seine Mannschaft auf die Siegerstra\u00dfe zu bringen. Johannes D\u00f6rle war ihm mit 370 Ringen sehr dicht auf den Fersen und&#8230;<\/p>\n\t\t\t\t<\/div>\n\n\t\t\t\t\t\t\t\t\t<a href=\"https:\/\/www.eintracht-schretzheim.de\/?p=9280#respond\" class=\"su-post-comments-link\">0 Kommentare<\/a>\n\t\t\t\t\n\t\t\t<\/div>\n\n\t\t\t\t\t\n\t\t\t\n\t\t\t<div id=\"su-post-9406\" class=\"su-post \">\n\n\t\t\t\t\n\t\t\t\t<h2 class=\"su-post-title\"><a href=\"https:\/\/www.eintracht-schretzheim.de\/?p=9406\">RWK 2026 &#8211; LG3 &#8211; Runde 6<\/a><\/h2>\n\n\t\t\t\t<div class=\"su-post-meta\">\n\t\t\t\t\tVer\u00f6ffentlicht: 25. Januar 2026\t\t\t\t<\/div>\n\n\t\t\t\t<div class=\"su-post-excerpt\">\n\t\t\t\t\t<p>Die jungen Wilden wieder unterwegs Zu Gast in Deisenhofen durfte sich unsere Mannschaft um Benedikt Hufnagel mit deren 2. Truppe messen. Hurler Michael setzte mit 335 Ringen den Start. Sauer Christoph sowie Saur Markus konnten beide ihren Wettkampf bei 354 Ringen beenden. Burghardt Johannes machte dann das Quartett auf Seiten Deisenhofens voll und brachte starke&#8230;<\/p>\n\t\t\t\t<\/div>\n\n\t\t\t\t\t\t\t\t\t<a href=\"https:\/\/www.eintracht-schretzheim.de\/?p=9406#respond\" class=\"su-post-comments-link\">0 Kommentare<\/a>\n\t\t\t\t\n\t\t\t<\/div>\n\n\t\t\t\t\t\n\t\t\t\n\t\t\t<div id=\"su-post-9437\" class=\"su-post \">\n\n\t\t\t\t\n\t\t\t\t<h2 class=\"su-post-title\"><a href=\"https:\/\/www.eintracht-schretzheim.de\/?p=9437\">RWK 2026 &#8211; LG3 &#8211; Runde 7<\/a><\/h2>\n\n\t\t\t\t<div class=\"su-post-meta\">\n\t\t\t\t\tVer\u00f6ffentlicht: 8. Februar 2026\t\t\t\t<\/div>\n\n\t\t\t\t<div class=\"su-post-excerpt\">\n\t\t\t\t\t<p>Sternstunde W\u00e4hrend es in Richtung der Gaumeisterschaften geht, scheinen unsere jungen Wilden voll im Saft zu stehen. So wurde diesmal \u00fcber die Zweite von Deisenhofen dr\u00fcber geb\u00fcgelt, auch wenn diese wirklich keine schlechte Leistung zeigten. Burghardt Johannes brachte f\u00fcr die Gastgeber 372 Ringe in die Wertung. Er wurde unterst\u00fctzt von Saur Christoph und Saur Markus,&#8230;<\/p>\n\t\t\t\t<\/div>\n\n\t\t\t\t\t\t\t\t\t<a href=\"https:\/\/www.eintracht-schretzheim.de\/?p=9437#respond\" class=\"su-post-comments-link\">0 Kommentare<\/a>\n\t\t\t\t\n\t\t\t<\/div>\n\n\t\t\t\t\t\n\t\t\t\n\t\t\t<div id=\"su-post-9439\" class=\"su-post \">\n\n\t\t\t\t\n\t\t\t\t<h2 class=\"su-post-title\"><a href=\"https:\/\/www.eintracht-schretzheim.de\/?p=9439\">RWK 2026 &#8211; LG3 &#8211; Runde 8<\/a><\/h2>\n\n\t\t\t\t<div class=\"su-post-meta\">\n\t\t\t\t\tVer\u00f6ffentlicht: 9. Februar 2026\t\t\t\t<\/div>\n\n\t\t\t\t<div class=\"su-post-excerpt\">\n\t\t\t\t\t<p>Wackelige Punkte Auch im Heimkampf gegen Unterbechingen g\u00f6nnte sich unsere Truppe einen weiteren Sieg, sowenn es diesmal verh\u00e4ltnism\u00e4\u00dfig knapp wurde. Denn Maximilian Wohlmann fand nicht in seine Routine und ging bereits bei 357 Ringen vom Stand. Daf\u00fcr lebte Johannes Mayr auf, denn er erreichte ebenfalls 357 Ringe. W\u00e4hrend Johannes D\u00f6rle starke 370 Ringe zum Erfolg&#8230;<\/p>\n\t\t\t\t<\/div>\n\n\t\t\t\t\t\t\t\t\t<a href=\"https:\/\/www.eintracht-schretzheim.de\/?p=9439#respond\" class=\"su-post-comments-link\">0 Kommentare<\/a>\n\t\t\t\t\n\t\t\t<\/div>\n\n\t\t\t\t\t\n\t\t\t\n\t\t\t<div id=\"su-post-9496\" class=\"su-post \">\n\n\t\t\t\t\n\t\t\t\t<h2 class=\"su-post-title\"><a href=\"https:\/\/www.eintracht-schretzheim.de\/?p=9496\">RWK 2026 &#8211; LG3 &#8211; Runde 9<\/a><\/h2>\n\n\t\t\t\t<div class=\"su-post-meta\">\n\t\t\t\t\tVer\u00f6ffentlicht: 1. M\u00e4rz 2026\t\t\t\t<\/div>\n\n\t\t\t\t<div class=\"su-post-excerpt\">\n\t\t\t\t\t<p>Geht der Triumphzug wieder weiter? Die jungen Wilden um Benedikt Hufnagel setzen ihre Reise in Richtung Aufstieg weiter fort. So konnten sie auch in Aislingen brillieren. Benedikt, der wieder Trainingsmotivation entdeckte, damit er nicht all zu schnell von seinen Kindern abgefangen wird,\u00a0 erzielte ordentliche 367 Ringe. Johannes Mayer kam auf 359 Ringe und konnte damit&#8230;<\/p>\n\t\t\t\t<\/div>\n\n\t\t\t\t\t\t\t\t\t<a href=\"https:\/\/www.eintracht-schretzheim.de\/?p=9496#respond\" class=\"su-post-comments-link\">0 Kommentare<\/a>\n\t\t\t\t\n\t\t\t<\/div>\n\n\t\t\n\t\n<\/div>\n\n<p>Zu der Tabelle gelangen Sie \u00fcber folgenden Link: <a href=\"https:\/\/www.rwk-onlinemelder.de\/online\/listen\/705?sel_group_id=74&amp;sel_discipline_id=7&amp;sel_class_id=66&amp;showCombined=0\">RWK-Onlinemelder &#8211; Sch\u00fctzengau Donau-Brenz-Egau &#8211; Ergebnisse und Tabellen<\/a><\/p>\n","protected":false},"excerpt":{"rendered":"<p>Zu der Tabelle gelangen Sie \u00fcber folgenden Link: RWK-Onlinemelder &#8211; Sch\u00fctzengau Donau-Brenz-Egau &#8211; Ergebnisse und Tabellen<\/p>\n","protected":false},"author":11,"featured_media":0,"parent":0,"menu_order":0,"comment_status":"closed","ping_status":"closed","template":"","meta":{"footnotes":""},"class_list":["post-9004","page","type-page","status-publish","hentry"],"_links":{"self":[{"href":"https:\/\/www.eintracht-schretzheim.de\/index.php?rest_route=\/wp\/v2\/pages\/9004","targetHints":{"allow":["GET"]}}],"collection":[{"href":"https:\/\/www.eintracht-schretzheim.de\/index.php?rest_route=\/wp\/v2\/pages"}],"about":[{"href":"https:\/\/www.eintracht-schretzheim.de\/index.php?rest_route=\/wp\/v2\/types\/page"}],"author":[{"embeddable":true,"href":"https:\/\/www.eintracht-schretzheim.de\/index.php?rest_route=\/wp\/v2\/users\/11"}],"replies":[{"embeddable":true,"href":"https:\/\/www.eintracht-schretzheim.de\/index.php?rest_route=%2Fwp%2Fv2%2Fcomments&post=9004"}],"version-history":[{"count":11,"href":"https:\/\/www.eintracht-schretzheim.de\/index.php?rest_route=\/wp\/v2\/pages\/9004\/revisions"}],"predecessor-version":[{"id":9498,"href":"https:\/\/www.eintracht-schretzheim.de\/index.php?rest_route=\/wp\/v2\/pages\/9004\/revisions\/9498"}],"wp:attachment":[{"href":"https:\/\/www.eintracht-schretzheim.de\/index.php?rest_route=%2Fwp%2Fv2%2Fmedia&parent=9004"}],"curies":[{"name":"wp","href":"https:\/\/api.w.org\/{rel}","templated":true}]}}

<div class="su-posts su-posts-default-loop ">

	
					
			
			<div id="su-post-8990" class="su-post ">

				
				<h2 class="su-post-title"><a href="https://www.eintracht-schretzheim.de/?p=8990">RWK 2026 &#8211; LG3 &#8211; Runde 1</a></h2>

				<div class="su-post-meta">
					Veröffentlicht: 12. Oktober 2025				</div>

				<div class="su-post-excerpt">
					<p>Frische Motivation Zum Auftakt in die B-Klasse 2 des Gaurundenwettkampfes durfte unsere 3. LG Mannschaft , welche aus den &#8222;alten&#8220; Jugendschützen und dem jung geblieben Mannschaftsführer Hufnagel Benedikt besteht, nach Oberstotzingen reisen. Dort zeigten sie gleich mal in eindrucksvoller Weise, dass sie dieses Jahr ein Wörtchen in der Meisterschaft mitreden wollen. Johannes Dörle, der mit&#8230;</p>
				</div>

									<a href="https://www.eintracht-schretzheim.de/?p=8990#respond" class="su-post-comments-link">0 Kommentare</a>
				
			</div>

					
			
			<div id="su-post-9090" class="su-post ">

				
				<h2 class="su-post-title"><a href="https://www.eintracht-schretzheim.de/?p=9090">RWK 2026 &#8211; LG3 &#8211; Runde 2</a></h2>

				<div class="su-post-meta">
					Veröffentlicht: 29. Oktober 2025				</div>

				<div class="su-post-excerpt">
					<p>Weiter auf Erfolgskurs In der 2. Runde durften unsere Jungs diesmal die Gäste aus Deisenhofen in Schretzheim begrüßen. Mit Miehlich Florian, der in diesem Wettkampf Benedikt Hufnagel ersetzen durfte, hatte unsere Jugend gleich mal ein richtiges Ass im Ärmel. Er legte mit hervorragenden 387 Ringen die Messlatte sehr hoch, sodass unsere Gäste dann doch daran&#8230;</p>
				</div>

									<a href="https://www.eintracht-schretzheim.de/?p=9090#respond" class="su-post-comments-link">0 Kommentare</a>
				
			</div>

					
			
			<div id="su-post-9180" class="su-post ">

				
				<h2 class="su-post-title"><a href="https://www.eintracht-schretzheim.de/?p=9180">RWK 2026 &#8211; LG3 &#8211; Runde 3</a></h2>

				<div class="su-post-meta">
					Veröffentlicht: 20. November 2025				</div>

				<div class="su-post-excerpt">
					<p>Auf und nieder, immer wieder Beim Auswärtskampf in Unterbechingen durften unsere jungen Wilden wieder an den Stand, angeführt von Benedikt Hufnagel, der diesmal mit 357 Ringen etwas schwächelte. Aber Maximilian Wohlmann (374 Ringe) und Johannes Dörle (378 Ringe) machten mit richtig starken Ergebnissen so einiges wieder wett. Doch Johannes Mayer hatte diesmal mit großen Problemen&#8230;</p>
				</div>

									<a href="https://www.eintracht-schretzheim.de/?p=9180#respond" class="su-post-comments-link">0 Kommentare</a>
				
			</div>

					
			
			<div id="su-post-9264" class="su-post ">

				
				<h2 class="su-post-title"><a href="https://www.eintracht-schretzheim.de/?p=9264">RWK 2026 &#8211; LG3 &#8211; Runde 4</a></h2>

				<div class="su-post-meta">
					Veröffentlicht: 13. Dezember 2025				</div>

				<div class="su-post-excerpt">
					<p>Wieder auf Kurs! Nach der leichten Schwächephase im letzten Wettkampf konnten unsere Junioren und ihr Mentor Benedikt wieder an ihre alten Leistungen anknüpfen. Top in Form präsentierte sich Maximilian Wohlmann, der mit seinen 379 Ringen seine Kameraden ins Staunen brachte. Doch die wussten an diesem Abend auch zu gefallen. Johannes Dörle (363 Ringe) und ihr&#8230;</p>
				</div>

									<a href="https://www.eintracht-schretzheim.de/?p=9264#respond" class="su-post-comments-link">0 Kommentare</a>
				
			</div>

					
			
			<div id="su-post-9280" class="su-post ">

				
				<h2 class="su-post-title"><a href="https://www.eintracht-schretzheim.de/?p=9280">RWK 2026 &#8211; LG3 &#8211; Runde 5</a></h2>

				<div class="su-post-meta">
					Veröffentlicht: 16. Dezember 2025				</div>

				<div class="su-post-excerpt">
					<p>Halbzeitmeister Zum Abschluss der Hinrunde war unsere Truppe zu Gast in Fristingen und schlossen dort erneut an ihre guten Leistungen  an. So war es auch diesmal wieder Maximilian Wohlmann vorbehalten, mit sehr guten 375 Ringen seine Mannschaft auf die Siegerstraße zu bringen. Johannes Dörle war ihm mit 370 Ringen sehr dicht auf den Fersen und&#8230;</p>
				</div>

									<a href="https://www.eintracht-schretzheim.de/?p=9280#respond" class="su-post-comments-link">0 Kommentare</a>
				
			</div>

					
			
			<div id="su-post-9406" class="su-post ">

				
				<h2 class="su-post-title"><a href="https://www.eintracht-schretzheim.de/?p=9406">RWK 2026 &#8211; LG3 &#8211; Runde 6</a></h2>

				<div class="su-post-meta">
					Veröffentlicht: 25. Januar 2026				</div>

				<div class="su-post-excerpt">
					<p>Die jungen Wilden wieder unterwegs Zu Gast in Deisenhofen durfte sich unsere Mannschaft um Benedikt Hufnagel mit deren 2. Truppe messen. Hurler Michael setzte mit 335 Ringen den Start. Sauer Christoph sowie Saur Markus konnten beide ihren Wettkampf bei 354 Ringen beenden. Burghardt Johannes machte dann das Quartett auf Seiten Deisenhofens voll und brachte starke&#8230;</p>
				</div>

									<a href="https://www.eintracht-schretzheim.de/?p=9406#respond" class="su-post-comments-link">0 Kommentare</a>
				
			</div>

					
			
			<div id="su-post-9437" class="su-post ">

				
				<h2 class="su-post-title"><a href="https://www.eintracht-schretzheim.de/?p=9437">RWK 2026 &#8211; LG3 &#8211; Runde 7</a></h2>

				<div class="su-post-meta">
					Veröffentlicht: 8. Februar 2026				</div>

				<div class="su-post-excerpt">
					<p>Sternstunde Während es in Richtung der Gaumeisterschaften geht, scheinen unsere jungen Wilden voll im Saft zu stehen. So wurde diesmal über die Zweite von Deisenhofen drüber gebügelt, auch wenn diese wirklich keine schlechte Leistung zeigten. Burghardt Johannes brachte für die Gastgeber 372 Ringe in die Wertung. Er wurde unterstützt von Saur Christoph und Saur Markus,&#8230;</p>
				</div>

									<a href="https://www.eintracht-schretzheim.de/?p=9437#respond" class="su-post-comments-link">0 Kommentare</a>
				
			</div>

					
			
			<div id="su-post-9439" class="su-post ">

				
				<h2 class="su-post-title"><a href="https://www.eintracht-schretzheim.de/?p=9439">RWK 2026 &#8211; LG3 &#8211; Runde 8</a></h2>

				<div class="su-post-meta">
					Veröffentlicht: 9. Februar 2026				</div>

				<div class="su-post-excerpt">
					<p>Wackelige Punkte Auch im Heimkampf gegen Unterbechingen gönnte sich unsere Truppe einen weiteren Sieg, sowenn es diesmal verhältnismäßig knapp wurde. Denn Maximilian Wohlmann fand nicht in seine Routine und ging bereits bei 357 Ringen vom Stand. Dafür lebte Johannes Mayr auf, denn er erreichte ebenfalls 357 Ringe. Während Johannes Dörle starke 370 Ringe zum Erfolg&#8230;</p>
				</div>

									<a href="https://www.eintracht-schretzheim.de/?p=9439#respond" class="su-post-comments-link">0 Kommentare</a>
				
			</div>

					
			
			<div id="su-post-9496" class="su-post ">

				
				<h2 class="su-post-title"><a href="https://www.eintracht-schretzheim.de/?p=9496">RWK 2026 &#8211; LG3 &#8211; Runde 9</a></h2>

				<div class="su-post-meta">
					Veröffentlicht: 1. März 2026				</div>

				<div class="su-post-excerpt">
					<p>Geht der Triumphzug wieder weiter? Die jungen Wilden um Benedikt Hufnagel setzen ihre Reise in Richtung Aufstieg weiter fort. So konnten sie auch in Aislingen brillieren. Benedikt, der wieder Trainingsmotivation entdeckte, damit er nicht all zu schnell von seinen Kindern abgefangen wird,  erzielte ordentliche 367 Ringe. Johannes Mayer kam auf 359 Ringe und konnte damit&#8230;</p>
				</div>

									<a href="https://www.eintracht-schretzheim.de/?p=9496#respond" class="su-post-comments-link">0 Kommentare</a>
				
			</div>

		
	
</div>

<p>Zu der Tabelle gelangen Sie über folgenden Link: <a href="https://www.rwk-onlinemelder.de/online/listen/705?sel_group_id=74&amp;sel_discipline_id=7&amp;sel_class_id=66&amp;showCombined=0">RWK-Onlinemelder &#8211; Schützengau Donau-Brenz-Egau &#8211; Ergebnisse und Tabellen</a></p>

<p>Zu der Tabelle gelangen Sie über folgenden Link: RWK-Onlinemelder &#8211; Schützengau Donau-Brenz-Egau &#8211; Ergebnisse und Tabellen</p>
