{"id":9000,"date":"2025-10-13T16:13:12","date_gmt":"2025-10-13T14:13:12","guid":{"rendered":"https:\/\/www.eintracht-schretzheim.de\/?page_id=9000"},"modified":"2026-03-16T15:25:31","modified_gmt":"2026-03-16T14:25:31","slug":"luftgewehr-1-3","status":"publish","type":"page","link":"https:\/\/www.eintracht-schretzheim.de\/?page_id=9000","title":{"rendered":"Luftgewehr 1 (2026)"},"content":{"rendered":"\n\n<div class=\"su-posts su-posts-default-loop \">\n\n\t\n\t\t\t\t\t\n\t\t\t\n\t\t\t<div id=\"su-post-9059\" class=\"su-post \">\n\n\t\t\t\t\n\t\t\t\t<h2 class=\"su-post-title\"><a href=\"https:\/\/www.eintracht-schretzheim.de\/?p=9059\">RWK 2026 &#8211; LG1 &#8211; Runde 1<\/a><\/h2>\n\n\t\t\t\t<div class=\"su-post-meta\">\n\t\t\t\t\tVer\u00f6ffentlicht: 22. Oktober 2025\t\t\t\t<\/div>\n\n\t\t\t\t<div class=\"su-post-excerpt\">\n\t\t\t\t\t<p>Zum ersten Mal mit 5er-Kette Die erste Begegnung f\u00fcr unsere frisch aufgestiegene LG1 stand nun an. Da ab dieser Liga (Bezirksoberliga, Gruppe 4) nun 5 statt nur 4 Sch\u00fctzen an den Start gehen m\u00fcssen, freute sich Mannschaftsf\u00fchrer Florian Miehlich, dass w\u00e4hrend der Sommerpause erstklassige Unterst\u00fctzung dem Verein beitrat. So war der Abgang von Jannik Anzenhofer&#8230;<\/p>\n\t\t\t\t<\/div>\n\n\t\t\t\t\t\t\t\t\t<a href=\"https:\/\/www.eintracht-schretzheim.de\/?p=9059#respond\" class=\"su-post-comments-link\">0 Kommentare<\/a>\n\t\t\t\t\n\t\t\t<\/div>\n\n\t\t\t\t\t\n\t\t\t\n\t\t\t<div id=\"su-post-9103\" class=\"su-post \">\n\n\t\t\t\t\n\t\t\t\t<h2 class=\"su-post-title\"><a href=\"https:\/\/www.eintracht-schretzheim.de\/?p=9103\">RWK 2026 &#8211; LG1 &#8211; Runde 2<\/a><\/h2>\n\n\t\t\t\t<div class=\"su-post-meta\">\n\t\t\t\t\tVer\u00f6ffentlicht: 1. November 2025\t\t\t\t<\/div>\n\n\t\t\t\t<div class=\"su-post-excerpt\">\n\t\t\t\t\t<p>Die Stammbesetzung im Einsatz Beim Ausw\u00e4rtskampf in Buchdorf musste aufgrund der r\u00e4umlichen Aufteilung der Schie\u00dfst\u00e4nde in zwei Durchg\u00e4ngen geschossen werden. Dabei lehnte sich Mannschaftsf\u00fchrer Florian Miehlich mit vollstem Vertrauen in sein Team zur\u00fcck, um auch seinen Status als Ersatzsch\u00fctze noch etwas l\u00e4nger zu waren. Auf Position 4 durfte sich dann diesmal Lisa Schweizer zum ersten&#8230;<\/p>\n\t\t\t\t<\/div>\n\n\t\t\t\t\t\t\t\t\t<a href=\"https:\/\/www.eintracht-schretzheim.de\/?p=9103#respond\" class=\"su-post-comments-link\">0 Kommentare<\/a>\n\t\t\t\t\n\t\t\t<\/div>\n\n\t\t\t\t\t\n\t\t\t\n\t\t\t<div id=\"su-post-9164\" class=\"su-post \">\n\n\t\t\t\t\n\t\t\t\t<h2 class=\"su-post-title\"><a href=\"https:\/\/www.eintracht-schretzheim.de\/?p=9164\">RWK 2026 &#8211; LG1 &#8211; Runde 3<\/a><\/h2>\n\n\t\t\t\t<div class=\"su-post-meta\">\n\t\t\t\t\tVer\u00f6ffentlicht: 16. November 2025\t\t\t\t<\/div>\n\n\t\t\t\t<div class=\"su-post-excerpt\">\n\t\t\t\t\t<p>Ein Spitzenduell Man durfte diesmal wieder zu Hause bleiben und erwartete dabei die Tabellenersten aus Haunsheim. Dadurch, dass Lea Endres nicht dabei sein konnte, durfte Rainer H\u00e4usler auf Position 1 antreten, was ihn noch h\u00f6her als ohnehin schon fiebern lie\u00df. Allerdings hatte Ott Dorothea etwas Schwierigkeiten zum Wettkampfstart direkt Vollgas zu geben und machte Rainer&#8230;<\/p>\n\t\t\t\t<\/div>\n\n\t\t\t\t\t\t\t\t\t<a href=\"https:\/\/www.eintracht-schretzheim.de\/?p=9164#respond\" class=\"su-post-comments-link\">0 Kommentare<\/a>\n\t\t\t\t\n\t\t\t<\/div>\n\n\t\t\t\t\t\n\t\t\t\n\t\t\t<div id=\"su-post-9213\" class=\"su-post \">\n\n\t\t\t\t\n\t\t\t\t<h2 class=\"su-post-title\"><a href=\"https:\/\/www.eintracht-schretzheim.de\/?p=9213\">RWK 2026 &#8211; LG1 &#8211; Runde 4<\/a><\/h2>\n\n\t\t\t\t<div class=\"su-post-meta\">\n\t\t\t\t\tVer\u00f6ffentlicht: 29. November 2025\t\t\t\t<\/div>\n\n\t\t\t\t<div class=\"su-post-excerpt\">\n\t\t\t\t\t<p>Ein bequemes Polster! Ein weiterer Ausw\u00e4rtskampf stand an und so r\u00fcckte das vollst\u00e4ndige Team inklusive Fanclub aus, um sich mit der 1. Mannschaft Baldingens zu messen. Die Gastgeber pflegten es noch, ohne digitalisierte Zielvorrichtung und farbige Schussanzeigen zu schie\u00dfen, was sich &#8211; wie k\u00fcrzlich f\u00fcr die Kleinen so auch f\u00fcr die Gro\u00dfen &#8211; als spannende&#8230;<\/p>\n\t\t\t\t<\/div>\n\n\t\t\t\t\t\t\t\t\t<a href=\"https:\/\/www.eintracht-schretzheim.de\/?p=9213#respond\" class=\"su-post-comments-link\">0 Kommentare<\/a>\n\t\t\t\t\n\t\t\t<\/div>\n\n\t\t\t\t\t\n\t\t\t\n\t\t\t<div id=\"su-post-9271\" class=\"su-post \">\n\n\t\t\t\t\n\t\t\t\t<h2 class=\"su-post-title\"><a href=\"https:\/\/www.eintracht-schretzheim.de\/?p=9271\">RWK 2026 &#8211; LG1 &#8211; Runde 5<\/a><\/h2>\n\n\t\t\t\t<div class=\"su-post-meta\">\n\t\t\t\t\tVer\u00f6ffentlicht: 14. Dezember 2025\t\t\t\t<\/div>\n\n\t\t\t\t<div class=\"su-post-excerpt\">\n\t\t\t\t\t<p>Ergebniskosmetik ? Zum Abschluss der Hinrunde bot sich noch eine Reise nach Aislingen dar. Mit gro\u00dfen Zielen ging Lea Endres auf Position 1 gegen Grimminger David (385 Ringe) an den Stand. W\u00e4hrend er gegen Ende etwas schw\u00e4chelte schoss Lea konstant durch und konnte mit hervorragenden 391 Ringen sich mit dem Einzelpunkt belohnen und zugleich einen&#8230;<\/p>\n\t\t\t\t<\/div>\n\n\t\t\t\t\t\t\t\t\t<a href=\"https:\/\/www.eintracht-schretzheim.de\/?p=9271#respond\" class=\"su-post-comments-link\">0 Kommentare<\/a>\n\t\t\t\t\n\t\t\t<\/div>\n\n\t\t\t\t\t\n\t\t\t\n\t\t\t<div id=\"su-post-9378\" class=\"su-post \">\n\n\t\t\t\t\n\t\t\t\t<h2 class=\"su-post-title\"><a href=\"https:\/\/www.eintracht-schretzheim.de\/?p=9378\">RWK 2026 &#8211; LG1 &#8211; Runde 6<\/a><\/h2>\n\n\t\t\t\t<div class=\"su-post-meta\">\n\t\t\t\t\tVer\u00f6ffentlicht: 17. Januar 2026\t\t\t\t<\/div>\n\n\t\t\t\t<div class=\"su-post-excerpt\">\n\t\t\t\t\t<p>Ein leichtes straucheln Die Fahrt nach Offingen stellte den Auftakt zur R\u00fcckrunde dar. Man wusste, dass es ein enges Aufeinandertreffen wird, besonders da Lea Endres f\u00fcr unsere Mannschaft diesmal ausfiel. Aufgrund weniger Schie\u00dfst\u00e4nde wurde auf zwei Durchg\u00e4nge geschossen, was f\u00fcr beide Fanclubs nur noch mehr Spannung bedeutete. Den Start machten Paarung 2 und 4. Bei&#8230;<\/p>\n\t\t\t\t<\/div>\n\n\t\t\t\t\t\t\t\t\t<a href=\"https:\/\/www.eintracht-schretzheim.de\/?p=9378#respond\" class=\"su-post-comments-link\">0 Kommentare<\/a>\n\t\t\t\t\n\t\t\t<\/div>\n\n\t\t\t\t\t\n\t\t\t\n\t\t\t<div id=\"su-post-9423\" class=\"su-post \">\n\n\t\t\t\t\n\t\t\t\t<h2 class=\"su-post-title\"><a href=\"https:\/\/www.eintracht-schretzheim.de\/?p=9423\">RWK 2026 &#8211; LG1 &#8211; Runde 7<\/a><\/h2>\n\n\t\t\t\t<div class=\"su-post-meta\">\n\t\t\t\t\tVer\u00f6ffentlicht: 31. Januar 2026\t\t\t\t<\/div>\n\n\t\t\t\t<div class=\"su-post-excerpt\">\n\t\t\t\t\t<p>knacken und neu aufstellen muss man seine Rekorde Ein weiterer Wettkampf im heimischen Stadion stand an und so wurde man von der Truppe aus Buchdorf besucht. Auch wenn die Selbstsicherheit mittlerweile bei unserem gro\u00dfen Team gewachsen ist, war eine grundlegende Nervosit\u00e4t nicht wegzudenken. So gab sich Florian Miehlich und Eder Annalena in Paarung 3 mehrmals&#8230;<\/p>\n\t\t\t\t<\/div>\n\n\t\t\t\t\t\t\t\t\t<a href=\"https:\/\/www.eintracht-schretzheim.de\/?p=9423#respond\" class=\"su-post-comments-link\">0 Kommentare<\/a>\n\t\t\t\t\n\t\t\t<\/div>\n\n\t\t\t\t\t\n\t\t\t\n\t\t\t<div id=\"su-post-9452\" class=\"su-post \">\n\n\t\t\t\t\n\t\t\t\t<h2 class=\"su-post-title\"><a href=\"https:\/\/www.eintracht-schretzheim.de\/?p=9452\">RWK 2026 &#8211; LG1 &#8211; Runde 8<\/a><\/h2>\n\n\t\t\t\t<div class=\"su-post-meta\">\n\t\t\t\t\tVer\u00f6ffentlicht: 15. Februar 2026\t\t\t\t<\/div>\n\n\t\t\t\t<div class=\"su-post-excerpt\">\n\t\t\t\t\t<p>Angst und Bang? Im gro\u00dfen Wettstreit um den Aufstieg in die Schwabenliga stand nun der R\u00fcckkampf in Haunsheim an. Trotz vollster Unterst\u00fctzung durch Fanclub und Maskottchen durften wir uns gl\u00fccklich sch\u00e4tzen, dass bei den Gastgebern die Spitzensch\u00fctzin terminlich bedingt ausfiel. Folglich startete Auf Position 1 Mack Vincent, der eingangs noch ein bisschen Probleme hatte, in&#8230;<\/p>\n\t\t\t\t<\/div>\n\n\t\t\t\t\t\t\t\t\t<a href=\"https:\/\/www.eintracht-schretzheim.de\/?p=9452#respond\" class=\"su-post-comments-link\">0 Kommentare<\/a>\n\t\t\t\t\n\t\t\t<\/div>\n\n\t\t\t\t\t\n\t\t\t\n\t\t\t<div id=\"su-post-9499\" class=\"su-post \">\n\n\t\t\t\t\n\t\t\t\t<h2 class=\"su-post-title\"><a href=\"https:\/\/www.eintracht-schretzheim.de\/?p=9499\">RWK 2026 &#8211; LG1 &#8211; Runde 9<\/a><\/h2>\n\n\t\t\t\t<div class=\"su-post-meta\">\n\t\t\t\t\tVer\u00f6ffentlicht: 27. Februar 2026\t\t\t\t<\/div>\n\n\t\t\t\t<div class=\"su-post-excerpt\">\n\t\t\t\t\t<p>Volles Rohr! Auf dem Weg in Richtung Aufstieg stand nun die Begegnung mit den Goldbachsch\u00fctzen aus Baldingen an. Sie sind zwar Tabellenletzter, haben es jedoch geschafft, unsere Verfolger aus Offingen zu schlagen, weshalb man sie nicht untersch\u00e4tzen durfte. W\u00e4hrend auf unserer Seite Rainer H\u00e4usler aus gesundheitlichen Gr\u00fcnden ausfiel &#8211; wir w\u00fcnschen gute Besserung &#8211; hatten&#8230;<\/p>\n\t\t\t\t<\/div>\n\n\t\t\t\t\t\t\t\t\t<a href=\"https:\/\/www.eintracht-schretzheim.de\/?p=9499#respond\" class=\"su-post-comments-link\">0 Kommentare<\/a>\n\t\t\t\t\n\t\t\t<\/div>\n\n\t\t\t\t\t\n\t\t\t\n\t\t\t<div id=\"su-post-9534\" class=\"su-post \">\n\n\t\t\t\t\n\t\t\t\t<h2 class=\"su-post-title\"><a href=\"https:\/\/www.eintracht-schretzheim.de\/?p=9534\">RWK 2026 &#8211; LG1 &#8211; Runde 10<\/a><\/h2>\n\n\t\t\t\t<div class=\"su-post-meta\">\n\t\t\t\t\tVer\u00f6ffentlicht: 17. M\u00e4rz 2026\t\t\t\t<\/div>\n\n\t\t\t\t<div class=\"su-post-excerpt\">\n\t\t\t\t\t<p>So sehen Aufsteiger aus! Am letzten Wettkampftag besuchte uns noch die Mannschaft aus Aislingen. Die Gefahr um den Tabellenplatz war nicht mehr all zu gro\u00df, sodass unsere Truppe eigentlich befreit aufschie\u00dfen konnte. Jedoch wollten es die G\u00e4ste noch einmal wissen und machten es unseren Leuten ganz sch\u00f6n schwer. Aber nicht nur dies stellte ein Hindernis&#8230;<\/p>\n\t\t\t\t<\/div>\n\n\t\t\t\t\t\t\t\t\t<a href=\"https:\/\/www.eintracht-schretzheim.de\/?p=9534#respond\" class=\"su-post-comments-link\">0 Kommentare<\/a>\n\t\t\t\t\n\t\t\t<\/div>\n\n\t\t\n\t\n<\/div>\n\n<p>Zu der Tabelle gelangen Sie \u00fcber folgenden Link: <a href=\"https:\/\/www.rwk-onlinemelder.de\/online\/listen\/700?sel_group_id=82&amp;sel_discipline_id=8&amp;sel_class_id=89&amp;showCombined=0\">RWK-Onlinemelder &#8211; Sch\u00fctzenbezirk Schwaben &#8211; Ergebnisse und Tabellen<\/a><\/p>\n","protected":false},"excerpt":{"rendered":"<p>Zu der Tabelle gelangen Sie \u00fcber folgenden Link: RWK-Onlinemelder &#8211; Sch\u00fctzenbezirk Schwaben &#8211; Ergebnisse und Tabellen<\/p>\n","protected":false},"author":11,"featured_media":0,"parent":0,"menu_order":0,"comment_status":"closed","ping_status":"closed","template":"","meta":{"footnotes":""},"class_list":["post-9000","page","type-page","status-publish","hentry"],"_links":{"self":[{"href":"https:\/\/www.eintracht-schretzheim.de\/index.php?rest_route=\/wp\/v2\/pages\/9000","targetHints":{"allow":["GET"]}}],"collection":[{"href":"https:\/\/www.eintracht-schretzheim.de\/index.php?rest_route=\/wp\/v2\/pages"}],"about":[{"href":"https:\/\/www.eintracht-schretzheim.de\/index.php?rest_route=\/wp\/v2\/types\/page"}],"author":[{"embeddable":true,"href":"https:\/\/www.eintracht-schretzheim.de\/index.php?rest_route=\/wp\/v2\/users\/11"}],"replies":[{"embeddable":true,"href":"https:\/\/www.eintracht-schretzheim.de\/index.php?rest_route=%2Fwp%2Fv2%2Fcomments&post=9000"}],"version-history":[{"count":12,"href":"https:\/\/www.eintracht-schretzheim.de\/index.php?rest_route=\/wp\/v2\/pages\/9000\/revisions"}],"predecessor-version":[{"id":9542,"href":"https:\/\/www.eintracht-schretzheim.de\/index.php?rest_route=\/wp\/v2\/pages\/9000\/revisions\/9542"}],"wp:attachment":[{"href":"https:\/\/www.eintracht-schretzheim.de\/index.php?rest_route=%2Fwp%2Fv2%2Fmedia&parent=9000"}],"curies":[{"name":"wp","href":"https:\/\/api.w.org\/{rel}","templated":true}]}}

<div class="su-posts su-posts-default-loop ">

	
					
			
			<div id="su-post-9059" class="su-post ">

				
				<h2 class="su-post-title"><a href="https://www.eintracht-schretzheim.de/?p=9059">RWK 2026 &#8211; LG1 &#8211; Runde 1</a></h2>

				<div class="su-post-meta">
					Veröffentlicht: 22. Oktober 2025				</div>

				<div class="su-post-excerpt">
					<p>Zum ersten Mal mit 5er-Kette Die erste Begegnung für unsere frisch aufgestiegene LG1 stand nun an. Da ab dieser Liga (Bezirksoberliga, Gruppe 4) nun 5 statt nur 4 Schützen an den Start gehen müssen, freute sich Mannschaftsführer Florian Miehlich, dass während der Sommerpause erstklassige Unterstützung dem Verein beitrat. So war der Abgang von Jannik Anzenhofer&#8230;</p>
				</div>

									<a href="https://www.eintracht-schretzheim.de/?p=9059#respond" class="su-post-comments-link">0 Kommentare</a>
				
			</div>

					
			
			<div id="su-post-9103" class="su-post ">

				
				<h2 class="su-post-title"><a href="https://www.eintracht-schretzheim.de/?p=9103">RWK 2026 &#8211; LG1 &#8211; Runde 2</a></h2>

				<div class="su-post-meta">
					Veröffentlicht: 1. November 2025				</div>

				<div class="su-post-excerpt">
					<p>Die Stammbesetzung im Einsatz Beim Auswärtskampf in Buchdorf musste aufgrund der räumlichen Aufteilung der Schießstände in zwei Durchgängen geschossen werden. Dabei lehnte sich Mannschaftsführer Florian Miehlich mit vollstem Vertrauen in sein Team zurück, um auch seinen Status als Ersatzschütze noch etwas länger zu waren. Auf Position 4 durfte sich dann diesmal Lisa Schweizer zum ersten&#8230;</p>
				</div>

									<a href="https://www.eintracht-schretzheim.de/?p=9103#respond" class="su-post-comments-link">0 Kommentare</a>
				
			</div>

					
			
			<div id="su-post-9164" class="su-post ">

				
				<h2 class="su-post-title"><a href="https://www.eintracht-schretzheim.de/?p=9164">RWK 2026 &#8211; LG1 &#8211; Runde 3</a></h2>

				<div class="su-post-meta">
					Veröffentlicht: 16. November 2025				</div>

				<div class="su-post-excerpt">
					<p>Ein Spitzenduell Man durfte diesmal wieder zu Hause bleiben und erwartete dabei die Tabellenersten aus Haunsheim. Dadurch, dass Lea Endres nicht dabei sein konnte, durfte Rainer Häusler auf Position 1 antreten, was ihn noch höher als ohnehin schon fiebern ließ. Allerdings hatte Ott Dorothea etwas Schwierigkeiten zum Wettkampfstart direkt Vollgas zu geben und machte Rainer&#8230;</p>
				</div>

									<a href="https://www.eintracht-schretzheim.de/?p=9164#respond" class="su-post-comments-link">0 Kommentare</a>
				
			</div>

					
			
			<div id="su-post-9213" class="su-post ">

				
				<h2 class="su-post-title"><a href="https://www.eintracht-schretzheim.de/?p=9213">RWK 2026 &#8211; LG1 &#8211; Runde 4</a></h2>

				<div class="su-post-meta">
					Veröffentlicht: 29. November 2025				</div>

				<div class="su-post-excerpt">
					<p>Ein bequemes Polster! Ein weiterer Auswärtskampf stand an und so rückte das vollständige Team inklusive Fanclub aus, um sich mit der 1. Mannschaft Baldingens zu messen. Die Gastgeber pflegten es noch, ohne digitalisierte Zielvorrichtung und farbige Schussanzeigen zu schießen, was sich &#8211; wie kürzlich für die Kleinen so auch für die Großen &#8211; als spannende&#8230;</p>
				</div>

									<a href="https://www.eintracht-schretzheim.de/?p=9213#respond" class="su-post-comments-link">0 Kommentare</a>
				
			</div>

					
			
			<div id="su-post-9271" class="su-post ">

				
				<h2 class="su-post-title"><a href="https://www.eintracht-schretzheim.de/?p=9271">RWK 2026 &#8211; LG1 &#8211; Runde 5</a></h2>

				<div class="su-post-meta">
					Veröffentlicht: 14. Dezember 2025				</div>

				<div class="su-post-excerpt">
					<p>Ergebniskosmetik ? Zum Abschluss der Hinrunde bot sich noch eine Reise nach Aislingen dar. Mit großen Zielen ging Lea Endres auf Position 1 gegen Grimminger David (385 Ringe) an den Stand. Während er gegen Ende etwas schwächelte schoss Lea konstant durch und konnte mit hervorragenden 391 Ringen sich mit dem Einzelpunkt belohnen und zugleich einen&#8230;</p>
				</div>

									<a href="https://www.eintracht-schretzheim.de/?p=9271#respond" class="su-post-comments-link">0 Kommentare</a>
				
			</div>

					
			
			<div id="su-post-9378" class="su-post ">

				
				<h2 class="su-post-title"><a href="https://www.eintracht-schretzheim.de/?p=9378">RWK 2026 &#8211; LG1 &#8211; Runde 6</a></h2>

				<div class="su-post-meta">
					Veröffentlicht: 17. Januar 2026				</div>

				<div class="su-post-excerpt">
					<p>Ein leichtes straucheln Die Fahrt nach Offingen stellte den Auftakt zur Rückrunde dar. Man wusste, dass es ein enges Aufeinandertreffen wird, besonders da Lea Endres für unsere Mannschaft diesmal ausfiel. Aufgrund weniger Schießstände wurde auf zwei Durchgänge geschossen, was für beide Fanclubs nur noch mehr Spannung bedeutete. Den Start machten Paarung 2 und 4. Bei&#8230;</p>
				</div>

									<a href="https://www.eintracht-schretzheim.de/?p=9378#respond" class="su-post-comments-link">0 Kommentare</a>
				
			</div>

					
			
			<div id="su-post-9423" class="su-post ">

				
				<h2 class="su-post-title"><a href="https://www.eintracht-schretzheim.de/?p=9423">RWK 2026 &#8211; LG1 &#8211; Runde 7</a></h2>

				<div class="su-post-meta">
					Veröffentlicht: 31. Januar 2026				</div>

				<div class="su-post-excerpt">
					<p>knacken und neu aufstellen muss man seine Rekorde Ein weiterer Wettkampf im heimischen Stadion stand an und so wurde man von der Truppe aus Buchdorf besucht. Auch wenn die Selbstsicherheit mittlerweile bei unserem großen Team gewachsen ist, war eine grundlegende Nervosität nicht wegzudenken. So gab sich Florian Miehlich und Eder Annalena in Paarung 3 mehrmals&#8230;</p>
				</div>

									<a href="https://www.eintracht-schretzheim.de/?p=9423#respond" class="su-post-comments-link">0 Kommentare</a>
				
			</div>

					
			
			<div id="su-post-9452" class="su-post ">

				
				<h2 class="su-post-title"><a href="https://www.eintracht-schretzheim.de/?p=9452">RWK 2026 &#8211; LG1 &#8211; Runde 8</a></h2>

				<div class="su-post-meta">
					Veröffentlicht: 15. Februar 2026				</div>

				<div class="su-post-excerpt">
					<p>Angst und Bang? Im großen Wettstreit um den Aufstieg in die Schwabenliga stand nun der Rückkampf in Haunsheim an. Trotz vollster Unterstützung durch Fanclub und Maskottchen durften wir uns glücklich schätzen, dass bei den Gastgebern die Spitzenschützin terminlich bedingt ausfiel. Folglich startete Auf Position 1 Mack Vincent, der eingangs noch ein bisschen Probleme hatte, in&#8230;</p>
				</div>

									<a href="https://www.eintracht-schretzheim.de/?p=9452#respond" class="su-post-comments-link">0 Kommentare</a>
				
			</div>

					
			
			<div id="su-post-9499" class="su-post ">

				
				<h2 class="su-post-title"><a href="https://www.eintracht-schretzheim.de/?p=9499">RWK 2026 &#8211; LG1 &#8211; Runde 9</a></h2>

				<div class="su-post-meta">
					Veröffentlicht: 27. Februar 2026				</div>

				<div class="su-post-excerpt">
					<p>Volles Rohr! Auf dem Weg in Richtung Aufstieg stand nun die Begegnung mit den Goldbachschützen aus Baldingen an. Sie sind zwar Tabellenletzter, haben es jedoch geschafft, unsere Verfolger aus Offingen zu schlagen, weshalb man sie nicht unterschätzen durfte. Während auf unserer Seite Rainer Häusler aus gesundheitlichen Gründen ausfiel &#8211; wir wünschen gute Besserung &#8211; hatten&#8230;</p>
				</div>

									<a href="https://www.eintracht-schretzheim.de/?p=9499#respond" class="su-post-comments-link">0 Kommentare</a>
				
			</div>

					
			
			<div id="su-post-9534" class="su-post ">

				
				<h2 class="su-post-title"><a href="https://www.eintracht-schretzheim.de/?p=9534">RWK 2026 &#8211; LG1 &#8211; Runde 10</a></h2>

				<div class="su-post-meta">
					Veröffentlicht: 17. März 2026				</div>

				<div class="su-post-excerpt">
					<p>So sehen Aufsteiger aus! Am letzten Wettkampftag besuchte uns noch die Mannschaft aus Aislingen. Die Gefahr um den Tabellenplatz war nicht mehr all zu groß, sodass unsere Truppe eigentlich befreit aufschießen konnte. Jedoch wollten es die Gäste noch einmal wissen und machten es unseren Leuten ganz schön schwer. Aber nicht nur dies stellte ein Hindernis&#8230;</p>
				</div>

									<a href="https://www.eintracht-schretzheim.de/?p=9534#respond" class="su-post-comments-link">0 Kommentare</a>
				
			</div>

		
	
</div>

<p>Zu der Tabelle gelangen Sie über folgenden Link: <a href="https://www.rwk-onlinemelder.de/online/listen/700?sel_group_id=82&amp;sel_discipline_id=8&amp;sel_class_id=89&amp;showCombined=0">RWK-Onlinemelder &#8211; Schützenbezirk Schwaben &#8211; Ergebnisse und Tabellen</a></p>

<p>Zu der Tabelle gelangen Sie über folgenden Link: RWK-Onlinemelder &#8211; Schützenbezirk Schwaben &#8211; Ergebnisse und Tabellen</p>
