{"id":8541,"date":"2025-01-27T11:57:25","date_gmt":"2025-01-27T10:57:25","guid":{"rendered":"https:\/\/www.eintracht-schretzheim.de\/?page_id=8541"},"modified":"2025-04-10T19:23:25","modified_gmt":"2025-04-10T17:23:25","slug":"luftpistole-1-25","status":"publish","type":"page","link":"https:\/\/www.eintracht-schretzheim.de\/?page_id=8541","title":{"rendered":"Luftpistole 1 (2025)"},"content":{"rendered":"\n\n<div class=\"su-posts su-posts-default-loop \">\n\n\t\n\t\t\t\t\t\n\t\t\t\n\t\t\t<div id=\"su-post-8285\" class=\"su-post \">\n\n\t\t\t\t\n\t\t\t\t<h2 class=\"su-post-title\"><a href=\"https:\/\/www.eintracht-schretzheim.de\/?p=8285\">RWK 2025 &#8211; LP1 &#8211; 1. Sonntag<\/a><\/h2>\n\n\t\t\t\t<div class=\"su-post-meta\">\n\t\t\t\t\tVer\u00f6ffentlicht: 13. Oktober 2024\t\t\t\t<\/div>\n\n\t\t\t\t<div class=\"su-post-excerpt\">\n\t\t\t\t\t<p>Lasset die Spiele beginnen! Am 6. Oktober war es endlich wieder soweit. Der erste Wettkampftag in der neuen Saison stand f\u00fcr das Luftpistolen-Quintett an. Am Vormittag war der Auftakt gegen Wullenstetten, die mit Au von der Schwabenliga S\u00fcd in die Nord-Gruppe gewechselt sind. W\u00e4hrend Koch Konstantin auf der 5. Position 332 Ringe erzielte, schoss Alexander&#8230;<\/p>\n\t\t\t\t<\/div>\n\n\t\t\t\t\t\t\t\t\t<a href=\"https:\/\/www.eintracht-schretzheim.de\/?p=8285#respond\" class=\"su-post-comments-link\">0 Kommentare<\/a>\n\t\t\t\t\n\t\t\t<\/div>\n\n\t\t\t\t\t\n\t\t\t\n\t\t\t<div id=\"su-post-8299\" class=\"su-post \">\n\n\t\t\t\t\n\t\t\t\t<h2 class=\"su-post-title\"><a href=\"https:\/\/www.eintracht-schretzheim.de\/?p=8299\">RWK 2025 &#8211; LP1 &#8211; 2. Sonntag<\/a><\/h2>\n\n\t\t\t\t<div class=\"su-post-meta\">\n\t\t\t\t\tVer\u00f6ffentlicht: 21. Oktober 2024\t\t\t\t<\/div>\n\n\t\t\t\t<div class=\"su-post-excerpt\">\n\t\t\t\t\t<p>Auf Position 1&#8230; So ist f\u00fcr unsere 5 der Schwabenliga auch schon der zweite Wettkampftag im heimischen Vereinshaus bestritten. Als Gegner um 10:00 Uhr stand Ettringen, die frisch aufgestiegen sind und daher &#8222;unberechenbar&#8220; waren, auf dem Plan. In Paarung 5 war Alexander R\u00f6mming wieder flott unterwegs und beendete bald mit hervorragenden 358 Ringen seinen Wettkampf&#8230;.<\/p>\n\t\t\t\t<\/div>\n\n\t\t\t\t\t\t\t\t\t<a href=\"https:\/\/www.eintracht-schretzheim.de\/?p=8299#respond\" class=\"su-post-comments-link\">0 Kommentare<\/a>\n\t\t\t\t\n\t\t\t<\/div>\n\n\t\t\t\t\t\n\t\t\t\n\t\t\t<div id=\"su-post-8331\" class=\"su-post \">\n\n\t\t\t\t\n\t\t\t\t<h2 class=\"su-post-title\"><a href=\"https:\/\/www.eintracht-schretzheim.de\/?p=8331\">RWK 2025 &#8211; LP1 &#8211; 3. Sonntag<\/a><\/h2>\n\n\t\t\t\t<div class=\"su-post-meta\">\n\t\t\t\t\tVer\u00f6ffentlicht: 11. November 2024\t\t\t\t<\/div>\n\n\t\t\t\t<div class=\"su-post-excerpt\">\n\t\t\t\t\t<p>Begegnung mit den &#8222;Angstgegnern&#8220; Da Alexander R\u00f6mming seinen Urlaub am genie\u00dfen war, hat man diesmal Florian Miehlich als Ersatzsch\u00fctze sowie Susanne Wurm als Fan-Club eingepackt und reiste nach Wiedergeltingen. Um 11:30 Uhr hie\u00df es dann &#8222;Start&#8220; gegen Zusamzell, gegen welche die Schretzheimer bisher fast immer den k\u00fcrzeren gezogen haben. Dass es ein sehr enger Wettstreit&#8230;<\/p>\n\t\t\t\t<\/div>\n\n\t\t\t\t\t\t\t\t\t<a href=\"https:\/\/www.eintracht-schretzheim.de\/?p=8331#respond\" class=\"su-post-comments-link\">0 Kommentare<\/a>\n\t\t\t\t\n\t\t\t<\/div>\n\n\t\t\t\t\t\n\t\t\t\n\t\t\t<div id=\"su-post-8375\" class=\"su-post \">\n\n\t\t\t\t\n\t\t\t\t<h2 class=\"su-post-title\"><a href=\"https:\/\/www.eintracht-schretzheim.de\/?p=8375\">RWK 2025 &#8211; LP1 &#8211; 4. Sonntag<\/a><\/h2>\n\n\t\t\t\t<div class=\"su-post-meta\">\n\t\t\t\t\tVer\u00f6ffentlicht: 2. Dezember 2024\t\t\t\t<\/div>\n\n\t\t\t\t<div class=\"su-post-excerpt\">\n\t\t\t\t\t<p>Duell zwischen den &#8222;Giganten&#8220;\u00a0 \u00a0 \u00a0 \u00a0 Zum Abschluss der Hinrunde trafen die Tabellen-Ersten, Schretzheim, auf den Spitzenkandidaten und Platz 2: Minderoffingen. Dabei fand dieser Wettkampftag in Ichenhausen statt, was Au diesmal bestimmen durfte. Nachdem gleich im ersten Duell des Tages Welden &#8211; ohne Gl\u00fcck; aber daf\u00fcr mit ganz viel Pech &#8211; gegen Au eine&#8230;<\/p>\n\t\t\t\t<\/div>\n\n\t\t\t\t\t\t\t\t\t<a href=\"https:\/\/www.eintracht-schretzheim.de\/?p=8375#respond\" class=\"su-post-comments-link\">0 Kommentare<\/a>\n\t\t\t\t\n\t\t\t<\/div>\n\n\t\t\t\t\t\n\t\t\t\n\t\t\t<div id=\"su-post-8467\" class=\"su-post \">\n\n\t\t\t\t\n\t\t\t\t<h2 class=\"su-post-title\"><a href=\"https:\/\/www.eintracht-schretzheim.de\/?p=8467\">RWK 2025 &#8211; LP1 &#8211; 5. Sonntag<\/a><\/h2>\n\n\t\t\t\t<div class=\"su-post-meta\">\n\t\t\t\t\tVer\u00f6ffentlicht: 6. Januar 2025\t\t\t\t<\/div>\n\n\t\t\t\t<div class=\"su-post-excerpt\">\n\t\t\t\t\t<p>Wieder mit Fan-Club unterwegs Diesmal war der Austragungsort in Emersacker, wo unser Quintett am Vormittag gegen Zusamzell antreten musste. Auf Position 5 g\u00f6nnte sich Glenk Werner (345 Ringe) ein Null und dennoch war Ronny Vogel nicht im Stande den Einzelpunkt zu fassen, da er bereits mit 330 Ringen seinen Wettkampf beendete. Daf\u00fcr lernte Christian B\u00e4sche&#8230;<\/p>\n\t\t\t\t<\/div>\n\n\t\t\t\t\t\t\t\t\t<a href=\"https:\/\/www.eintracht-schretzheim.de\/?p=8467#respond\" class=\"su-post-comments-link\">0 Kommentare<\/a>\n\t\t\t\t\n\t\t\t<\/div>\n\n\t\t\t\t\t\n\t\t\t\n\t\t\t<div id=\"su-post-8488\" class=\"su-post \">\n\n\t\t\t\t\n\t\t\t\t<h2 class=\"su-post-title\"><a href=\"https:\/\/www.eintracht-schretzheim.de\/?p=8488\">RWK 2025 &#8211; LP1 &#8211; 6. Sonntag<\/a><\/h2>\n\n\t\t\t\t<div class=\"su-post-meta\">\n\t\t\t\t\tVer\u00f6ffentlicht: 24. Januar 2025\t\t\t\t<\/div>\n\n\t\t\t\t<div class=\"su-post-excerpt\">\n\t\t\t\t\t<p>Punkte! Punkte! Punkte! Die Schretzheimer hatten ihren dritten und somit letzten Wettkampftag im heimischen Sch\u00fctzenhaus. F\u00fcr den Vormittag stand die Begegnung mit Au an. Das erste Sch\u00fcler-Meister-Duell (im Bericht \u00fcber den 3. Sonntag zu finden) konnte unser Quintett mit einem 4:1 deutlich f\u00fcr sich behaupten. Diesmal h\u00e4tten Bartl Markus und Julian Miehlich sogar auf Position&#8230;<\/p>\n\t\t\t\t<\/div>\n\n\t\t\t\t\t\t\t\t\t<a href=\"https:\/\/www.eintracht-schretzheim.de\/?p=8488#respond\" class=\"su-post-comments-link\">0 Kommentare<\/a>\n\t\t\t\t\n\t\t\t<\/div>\n\n\t\t\t\t\t\n\t\t\t\n\t\t\t<div id=\"su-post-8601\" class=\"su-post \">\n\n\t\t\t\t\n\t\t\t\t<h2 class=\"su-post-title\"><a href=\"https:\/\/www.eintracht-schretzheim.de\/?p=8601\">RWK 2025 &#8211; LP1 &#8211; 7. Sonntag<\/a><\/h2>\n\n\t\t\t\t<div class=\"su-post-meta\">\n\t\t\t\t\tVer\u00f6ffentlicht: 18. Februar 2025\t\t\t\t<\/div>\n\n\t\t\t\t<div class=\"su-post-excerpt\">\n\t\t\t\t\t<p>Saisonabschluss? Austragungsort war diesmal Minderoffingen, gegen die unser Quintett um 10:00 Uhr antreten musste. Allerdings gab es diesmal ein paar Probleme mit der Anlage, weshalb der Start etwas verz\u00f6gert wurde. Auf Position 1 war der Einzelpunkt eigentlich nicht zu holen, denn Bosch Wolfgang ist einfach der Spitzensch\u00fctze der ganzen Schwaben-Liga! Doch hat er mit herausragenden&#8230;<\/p>\n\t\t\t\t<\/div>\n\n\t\t\t\t\t\t\t\t\t<a href=\"https:\/\/www.eintracht-schretzheim.de\/?p=8601#respond\" class=\"su-post-comments-link\">0 Kommentare<\/a>\n\t\t\t\t\n\t\t\t<\/div>\n\n\t\t\t\t\t\n\t\t\t\n\t\t\t<div id=\"su-post-8858\" class=\"su-post \">\n\n\t\t\t\t\n\t\t\t\t<h2 class=\"su-post-title\"><a href=\"https:\/\/www.eintracht-schretzheim.de\/?p=8858\">RWK 2025 &#8211; LP1 &#8211; Finale<\/a><\/h2>\n\n\t\t\t\t<div class=\"su-post-meta\">\n\t\t\t\t\tVer\u00f6ffentlicht: 21. M\u00e4rz 2025\t\t\t\t<\/div>\n\n\t\t\t\t<div class=\"su-post-excerpt\">\n\t\t\t\t\t<p>Mehr Flopp als Hopp! Nachdem die Rundenwettk\u00e4mpfe in der Hinrunde mit Bravour von unserem Quintett gemeistert wurden und dann in der R\u00fcckrunde etwas Gl\u00fcck mithalf, errang unser Team ein Ticket nach Bellenberg, um dort den schw\u00e4bischen Sieger auszuschie\u00dfen. Dort traf unsere Mannschaft dann auf den zweitplatzierten der Schwabenliga-S\u00fcd und der nannte sich &#8222;K\u00f6niglich privilegierte Sch\u00fctzengesellschaft&#8230;<\/p>\n\t\t\t\t<\/div>\n\n\t\t\t\t\t\t\t\t\t<a href=\"https:\/\/www.eintracht-schretzheim.de\/?p=8858#respond\" class=\"su-post-comments-link\">0 Kommentare<\/a>\n\t\t\t\t\n\t\t\t<\/div>\n\n\t\t\t\t\t\n\t\t\t\n\t\t\t<div id=\"su-post-8867\" class=\"su-post \">\n\n\t\t\t\t\n\t\t\t\t<h2 class=\"su-post-title\"><a href=\"https:\/\/www.eintracht-schretzheim.de\/?p=8867\">RWK 2025 &#8211; LP1 &#8211; Aufstiegskampf<\/a><\/h2>\n\n\t\t\t\t<div class=\"su-post-meta\">\n\t\t\t\t\tVer\u00f6ffentlicht: 9. April 2025\t\t\t\t<\/div>\n\n\t\t\t\t<div class=\"su-post-excerpt\">\n\t\t\t\t\t<p>Unterwegs mit dem Party-Bus! Der Tag, an dem unser Quintett in M\u00fcnchen-Hochbr\u00fcck ihre Leistung zeigen durften, war gekommen. Stefan B\u00e4sche hatte extra vom Kreisjugendring den hellgr\u00fcnen Combi geliehen, sodass Mannschaft und Fanclub zusammen in einem Gef\u00e4hrt unterwegs sein konnten. Die Hinreise war eher ruhig. Bei der Olympia-Schie\u00dfanlage angekommen, musste unsere F\u00fcnf durch die Waffenkontrolle, die&#8230;<\/p>\n\t\t\t\t<\/div>\n\n\t\t\t\t\t\t\t\t\t<a href=\"https:\/\/www.eintracht-schretzheim.de\/?p=8867#respond\" class=\"su-post-comments-link\">0 Kommentare<\/a>\n\t\t\t\t\n\t\t\t<\/div>\n\n\t\t\n\t\n<\/div>\n\n","protected":false},"excerpt":{"rendered":"","protected":false},"author":11,"featured_media":0,"parent":0,"menu_order":0,"comment_status":"closed","ping_status":"closed","template":"","meta":{"footnotes":""},"class_list":["post-8541","page","type-page","status-publish","hentry"],"_links":{"self":[{"href":"https:\/\/www.eintracht-schretzheim.de\/index.php?rest_route=\/wp\/v2\/pages\/8541","targetHints":{"allow":["GET"]}}],"collection":[{"href":"https:\/\/www.eintracht-schretzheim.de\/index.php?rest_route=\/wp\/v2\/pages"}],"about":[{"href":"https:\/\/www.eintracht-schretzheim.de\/index.php?rest_route=\/wp\/v2\/types\/page"}],"author":[{"embeddable":true,"href":"https:\/\/www.eintracht-schretzheim.de\/index.php?rest_route=\/wp\/v2\/users\/11"}],"replies":[{"embeddable":true,"href":"https:\/\/www.eintracht-schretzheim.de\/index.php?rest_route=%2Fwp%2Fv2%2Fcomments&post=8541"}],"version-history":[{"count":5,"href":"https:\/\/www.eintracht-schretzheim.de\/index.php?rest_route=\/wp\/v2\/pages\/8541\/revisions"}],"predecessor-version":[{"id":8879,"href":"https:\/\/www.eintracht-schretzheim.de\/index.php?rest_route=\/wp\/v2\/pages\/8541\/revisions\/8879"}],"wp:attachment":[{"href":"https:\/\/www.eintracht-schretzheim.de\/index.php?rest_route=%2Fwp%2Fv2%2Fmedia&parent=8541"}],"curies":[{"name":"wp","href":"https:\/\/api.w.org\/{rel}","templated":true}]}}

<div class="su-posts su-posts-default-loop ">

	
					
			
			<div id="su-post-8285" class="su-post ">

				
				<h2 class="su-post-title"><a href="https://www.eintracht-schretzheim.de/?p=8285">RWK 2025 &#8211; LP1 &#8211; 1. Sonntag</a></h2>

				<div class="su-post-meta">
					Veröffentlicht: 13. Oktober 2024				</div>

				<div class="su-post-excerpt">
					<p>Lasset die Spiele beginnen! Am 6. Oktober war es endlich wieder soweit. Der erste Wettkampftag in der neuen Saison stand für das Luftpistolen-Quintett an. Am Vormittag war der Auftakt gegen Wullenstetten, die mit Au von der Schwabenliga Süd in die Nord-Gruppe gewechselt sind. Während Koch Konstantin auf der 5. Position 332 Ringe erzielte, schoss Alexander&#8230;</p>
				</div>

									<a href="https://www.eintracht-schretzheim.de/?p=8285#respond" class="su-post-comments-link">0 Kommentare</a>
				
			</div>

					
			
			<div id="su-post-8299" class="su-post ">

				
				<h2 class="su-post-title"><a href="https://www.eintracht-schretzheim.de/?p=8299">RWK 2025 &#8211; LP1 &#8211; 2. Sonntag</a></h2>

				<div class="su-post-meta">
					Veröffentlicht: 21. Oktober 2024				</div>

				<div class="su-post-excerpt">
					<p>Auf Position 1&#8230; So ist für unsere 5 der Schwabenliga auch schon der zweite Wettkampftag im heimischen Vereinshaus bestritten. Als Gegner um 10:00 Uhr stand Ettringen, die frisch aufgestiegen sind und daher &#8222;unberechenbar&#8220; waren, auf dem Plan. In Paarung 5 war Alexander Römming wieder flott unterwegs und beendete bald mit hervorragenden 358 Ringen seinen Wettkampf&#8230;.</p>
				</div>

									<a href="https://www.eintracht-schretzheim.de/?p=8299#respond" class="su-post-comments-link">0 Kommentare</a>
				
			</div>

					
			
			<div id="su-post-8331" class="su-post ">

				
				<h2 class="su-post-title"><a href="https://www.eintracht-schretzheim.de/?p=8331">RWK 2025 &#8211; LP1 &#8211; 3. Sonntag</a></h2>

				<div class="su-post-meta">
					Veröffentlicht: 11. November 2024				</div>

				<div class="su-post-excerpt">
					<p>Begegnung mit den &#8222;Angstgegnern&#8220; Da Alexander Römming seinen Urlaub am genießen war, hat man diesmal Florian Miehlich als Ersatzschütze sowie Susanne Wurm als Fan-Club eingepackt und reiste nach Wiedergeltingen. Um 11:30 Uhr hieß es dann &#8222;Start&#8220; gegen Zusamzell, gegen welche die Schretzheimer bisher fast immer den kürzeren gezogen haben. Dass es ein sehr enger Wettstreit&#8230;</p>
				</div>

									<a href="https://www.eintracht-schretzheim.de/?p=8331#respond" class="su-post-comments-link">0 Kommentare</a>
				
			</div>

					
			
			<div id="su-post-8375" class="su-post ">

				
				<h2 class="su-post-title"><a href="https://www.eintracht-schretzheim.de/?p=8375">RWK 2025 &#8211; LP1 &#8211; 4. Sonntag</a></h2>

				<div class="su-post-meta">
					Veröffentlicht: 2. Dezember 2024				</div>

				<div class="su-post-excerpt">
					<p>Duell zwischen den &#8222;Giganten&#8220;        Zum Abschluss der Hinrunde trafen die Tabellen-Ersten, Schretzheim, auf den Spitzenkandidaten und Platz 2: Minderoffingen. Dabei fand dieser Wettkampftag in Ichenhausen statt, was Au diesmal bestimmen durfte. Nachdem gleich im ersten Duell des Tages Welden &#8211; ohne Glück; aber dafür mit ganz viel Pech &#8211; gegen Au eine&#8230;</p>
				</div>

									<a href="https://www.eintracht-schretzheim.de/?p=8375#respond" class="su-post-comments-link">0 Kommentare</a>
				
			</div>

					
			
			<div id="su-post-8467" class="su-post ">

				
				<h2 class="su-post-title"><a href="https://www.eintracht-schretzheim.de/?p=8467">RWK 2025 &#8211; LP1 &#8211; 5. Sonntag</a></h2>

				<div class="su-post-meta">
					Veröffentlicht: 6. Januar 2025				</div>

				<div class="su-post-excerpt">
					<p>Wieder mit Fan-Club unterwegs Diesmal war der Austragungsort in Emersacker, wo unser Quintett am Vormittag gegen Zusamzell antreten musste. Auf Position 5 gönnte sich Glenk Werner (345 Ringe) ein Null und dennoch war Ronny Vogel nicht im Stande den Einzelpunkt zu fassen, da er bereits mit 330 Ringen seinen Wettkampf beendete. Dafür lernte Christian Bäsche&#8230;</p>
				</div>

									<a href="https://www.eintracht-schretzheim.de/?p=8467#respond" class="su-post-comments-link">0 Kommentare</a>
				
			</div>

					
			
			<div id="su-post-8488" class="su-post ">

				
				<h2 class="su-post-title"><a href="https://www.eintracht-schretzheim.de/?p=8488">RWK 2025 &#8211; LP1 &#8211; 6. Sonntag</a></h2>

				<div class="su-post-meta">
					Veröffentlicht: 24. Januar 2025				</div>

				<div class="su-post-excerpt">
					<p>Punkte! Punkte! Punkte! Die Schretzheimer hatten ihren dritten und somit letzten Wettkampftag im heimischen Schützenhaus. Für den Vormittag stand die Begegnung mit Au an. Das erste Schüler-Meister-Duell (im Bericht über den 3. Sonntag zu finden) konnte unser Quintett mit einem 4:1 deutlich für sich behaupten. Diesmal hätten Bartl Markus und Julian Miehlich sogar auf Position&#8230;</p>
				</div>

									<a href="https://www.eintracht-schretzheim.de/?p=8488#respond" class="su-post-comments-link">0 Kommentare</a>
				
			</div>

					
			
			<div id="su-post-8601" class="su-post ">

				
				<h2 class="su-post-title"><a href="https://www.eintracht-schretzheim.de/?p=8601">RWK 2025 &#8211; LP1 &#8211; 7. Sonntag</a></h2>

				<div class="su-post-meta">
					Veröffentlicht: 18. Februar 2025				</div>

				<div class="su-post-excerpt">
					<p>Saisonabschluss? Austragungsort war diesmal Minderoffingen, gegen die unser Quintett um 10:00 Uhr antreten musste. Allerdings gab es diesmal ein paar Probleme mit der Anlage, weshalb der Start etwas verzögert wurde. Auf Position 1 war der Einzelpunkt eigentlich nicht zu holen, denn Bosch Wolfgang ist einfach der Spitzenschütze der ganzen Schwaben-Liga! Doch hat er mit herausragenden&#8230;</p>
				</div>

									<a href="https://www.eintracht-schretzheim.de/?p=8601#respond" class="su-post-comments-link">0 Kommentare</a>
				
			</div>

					
			
			<div id="su-post-8858" class="su-post ">

				
				<h2 class="su-post-title"><a href="https://www.eintracht-schretzheim.de/?p=8858">RWK 2025 &#8211; LP1 &#8211; Finale</a></h2>

				<div class="su-post-meta">
					Veröffentlicht: 21. März 2025				</div>

				<div class="su-post-excerpt">
					<p>Mehr Flopp als Hopp! Nachdem die Rundenwettkämpfe in der Hinrunde mit Bravour von unserem Quintett gemeistert wurden und dann in der Rückrunde etwas Glück mithalf, errang unser Team ein Ticket nach Bellenberg, um dort den schwäbischen Sieger auszuschießen. Dort traf unsere Mannschaft dann auf den zweitplatzierten der Schwabenliga-Süd und der nannte sich &#8222;Königlich privilegierte Schützengesellschaft&#8230;</p>
				</div>

									<a href="https://www.eintracht-schretzheim.de/?p=8858#respond" class="su-post-comments-link">0 Kommentare</a>
				
			</div>

					
			
			<div id="su-post-8867" class="su-post ">

				
				<h2 class="su-post-title"><a href="https://www.eintracht-schretzheim.de/?p=8867">RWK 2025 &#8211; LP1 &#8211; Aufstiegskampf</a></h2>

				<div class="su-post-meta">
					Veröffentlicht: 9. April 2025				</div>

				<div class="su-post-excerpt">
					<p>Unterwegs mit dem Party-Bus! Der Tag, an dem unser Quintett in München-Hochbrück ihre Leistung zeigen durften, war gekommen. Stefan Bäsche hatte extra vom Kreisjugendring den hellgrünen Combi geliehen, sodass Mannschaft und Fanclub zusammen in einem Gefährt unterwegs sein konnten. Die Hinreise war eher ruhig. Bei der Olympia-Schießanlage angekommen, musste unsere Fünf durch die Waffenkontrolle, die&#8230;</p>
				</div>

									<a href="https://www.eintracht-schretzheim.de/?p=8867#respond" class="su-post-comments-link">0 Kommentare</a>
				
			</div>

		
	
</div>
