{"id":8513,"date":"2025-01-27T11:34:25","date_gmt":"2025-01-27T10:34:25","guid":{"rendered":"https:\/\/www.eintracht-schretzheim.de\/?page_id=8513"},"modified":"2025-04-10T19:21:58","modified_gmt":"2025-04-10T17:21:58","slug":"luftgewehr-2","status":"publish","type":"page","link":"https:\/\/www.eintracht-schretzheim.de\/?page_id=8513","title":{"rendered":"Luftgewehr 2 (2025)"},"content":{"rendered":"\n\n<div class=\"su-posts su-posts-default-loop \">\n\n\t\n\t\t\t\t\t\n\t\t\t\n\t\t\t<div id=\"su-post-8295\" class=\"su-post \">\n\n\t\t\t\t\n\t\t\t\t<h2 class=\"su-post-title\"><a href=\"https:\/\/www.eintracht-schretzheim.de\/?p=8295\">RWK 2025 &#8211; LG2 &#8211; Runde 1<\/a><\/h2>\n\n\t\t\t\t<div class=\"su-post-meta\">\n\t\t\t\t\tVer\u00f6ffentlicht: 14. Oktober 2024\t\t\t\t<\/div>\n\n\t\t\t\t<div class=\"su-post-excerpt\">\n\t\t\t\t\t<p>Nicht ganz wie erhofft, aber immer noch gut genug Das Luftgewehr Team mit der Nummer 2 durfte bereits zum ersten Wettkampf mit der neuen Besetzung nach Schwennenbach fahren. Ein heimliches Ziel war es &#8211; dadurch, dass drei M\u00e4nner der ehemaligen LG1 nun zur Mannschaftsbildung geh\u00f6ren &#8211; dem jetzigen Bezirksliga-Quartett zu zeigen, wo es lang geht!&#8230;<\/p>\n\t\t\t\t<\/div>\n\n\t\t\t\t\t\t\t\t\t<a href=\"https:\/\/www.eintracht-schretzheim.de\/?p=8295#respond\" class=\"su-post-comments-link\">0 Kommentare<\/a>\n\t\t\t\t\n\t\t\t<\/div>\n\n\t\t\t\t\t\n\t\t\t\n\t\t\t<div id=\"su-post-8676\" class=\"su-post \">\n\n\t\t\t\t\n\t\t\t\t<h2 class=\"su-post-title\"><a href=\"https:\/\/www.eintracht-schretzheim.de\/?p=8676\">RWK 2025 &#8211; LG2 &#8211; Runde 8<\/a><\/h2>\n\n\t\t\t\t<div class=\"su-post-meta\">\n\t\t\t\t\tVer\u00f6ffentlicht: 19. Februar 2025\t\t\t\t<\/div>\n\n\t\t\t\t<div class=\"su-post-excerpt\">\n\t\t\t\t\t<p>Vorsprung ausgebaut Diesmal durfte man zu Hause Wittislingen begr\u00fc\u00dfen, die unsere direkten Verfolger in der Tabelle sind. Alle acht Sch\u00fctzen waren h\u00f6chst motiviert, aber auch angespannt. Oblinger Ulrich zeigte am meisten seine Aufregung und konnte sich erst zur dritten Serie fangen, sodass er noch auf 364 Ringe kam. Mayerle Martin brachte den G\u00e4sten 361 Ringe&#8230;<\/p>\n\t\t\t\t<\/div>\n\n\t\t\t\t\t\t\t\t\t<a href=\"https:\/\/www.eintracht-schretzheim.de\/?p=8676#respond\" class=\"su-post-comments-link\">0 Kommentare<\/a>\n\t\t\t\t\n\t\t\t<\/div>\n\n\t\t\t\t\t\n\t\t\t\n\t\t\t<div id=\"su-post-8674\" class=\"su-post \">\n\n\t\t\t\t\n\t\t\t\t<h2 class=\"su-post-title\"><a href=\"https:\/\/www.eintracht-schretzheim.de\/?p=8674\">RWK 2025 &#8211; LG2 &#8211; Runde 9<\/a><\/h2>\n\n\t\t\t\t<div class=\"su-post-meta\">\n\t\t\t\t\tVer\u00f6ffentlicht: 20. Februar 2025\t\t\t\t<\/div>\n\n\t\t\t\t<div class=\"su-post-excerpt\">\n\t\t\t\t\t<p>Kurzer Zwischenstopp Im Ausw\u00e4rtskampf gegen Deisenhofen musste man quasi mit zwei Ersatzsch\u00fctzen antreten. Einer davon war Benedikt Hufnagel, der mit 369 Ringen zwar nicht eine seiner Bestleistungen in die Wertung brachte, aber immerhin ein akzeptables Ergebnis. Exakt die selbe Ringzahl konnte auch Gerhard Graf eint\u00fcten, aber auch er war diesmal nicht zufrieden damit. W\u00e4hrenddessen gab&#8230;<\/p>\n\t\t\t\t<\/div>\n\n\t\t\t\t\t\t\t\t\t<a href=\"https:\/\/www.eintracht-schretzheim.de\/?p=8674#respond\" class=\"su-post-comments-link\">0 Kommentare<\/a>\n\t\t\t\t\n\t\t\t<\/div>\n\n\t\t\t\t\t\n\t\t\t\n\t\t\t<div id=\"su-post-8495\" class=\"su-post \">\n\n\t\t\t\t\n\t\t\t\t<h2 class=\"su-post-title\"><a href=\"https:\/\/www.eintracht-schretzheim.de\/?p=8495\">RWK 2025 &#8211; LG2 &#8211; Runde 7<\/a><\/h2>\n\n\t\t\t\t<div class=\"su-post-meta\">\n\t\t\t\t\tVer\u00f6ffentlicht: 27. Januar 2025\t\t\t\t<\/div>\n\n\t\t\t\t<div class=\"su-post-excerpt\">\n\t\t\t\t\t<p>In Top-Besetzung Der Gegner f\u00fcr diesen Wettkampf hie\u00df Kicklingen, deren beste Sch\u00fctzin aktuell ihren Urlaub genie\u00dft und daher bereits vor Wochen bei uns in Schretzheim ein Ergebnis zum Besten gegeben hat. Mit 375 Ringen war sie allerdings nicht ganz zufrieden. Im heimischen Sch\u00fctzenhaus trugen ihre Mannschaftskollegen dann nicht mehr all zu viel zum Erfolg bei,&#8230;<\/p>\n\t\t\t\t<\/div>\n\n\t\t\t\t\t\t\t\t\t<a href=\"https:\/\/www.eintracht-schretzheim.de\/?p=8495#respond\" class=\"su-post-comments-link\">0 Kommentare<\/a>\n\t\t\t\t\n\t\t\t<\/div>\n\n\t\t\t\t\t\n\t\t\t\n\t\t\t<div id=\"su-post-8474\" class=\"su-post \">\n\n\t\t\t\t\n\t\t\t\t<h2 class=\"su-post-title\"><a href=\"https:\/\/www.eintracht-schretzheim.de\/?p=8474\">RWK 2025 &#8211; LG2 &#8211; Runde 6<\/a><\/h2>\n\n\t\t\t\t<div class=\"su-post-meta\">\n\t\t\t\t\tVer\u00f6ffentlicht: 12. Januar 2025\t\t\t\t<\/div>\n\n\t\t\t\t<div class=\"su-post-excerpt\">\n\t\t\t\t\t<p>Marsch nach vorne Die Sch\u00fctzen aus Schwennenbach kamen zu besuch und forderten nicht gerade wenig. Da auf Seiten der Eintracht Speedy-Mehmet kurzfristig ausfiel, musste Susanne Wurm mitwirken. Sie war diesmal etwas nerv\u00f6s im Stand, lieferte aber mit tollen 376 Ringen das beste Einzelergebnis in dieser Begegnung! Jungsch\u00fctze Maximilian Wohlmann siedelte sich mit starken 373 Ringen&#8230;<\/p>\n\t\t\t\t<\/div>\n\n\t\t\t\t\t\t\t\t\t<a href=\"https:\/\/www.eintracht-schretzheim.de\/?p=8474#respond\" class=\"su-post-comments-link\">0 Kommentare<\/a>\n\t\t\t\t\n\t\t\t<\/div>\n\n\t\t\t\t\t\n\t\t\t\n\t\t\t<div id=\"su-post-8400\" class=\"su-post \">\n\n\t\t\t\t\n\t\t\t\t<h2 class=\"su-post-title\"><a href=\"https:\/\/www.eintracht-schretzheim.de\/?p=8400\">RWK 2025 &#8211; LG2 &#8211; Runde 5<\/a><\/h2>\n\n\t\t\t\t<div class=\"su-post-meta\">\n\t\t\t\t\tVer\u00f6ffentlicht: 9. Dezember 2024\t\t\t\t<\/div>\n\n\t\t\t\t<div class=\"su-post-excerpt\">\n\t\t\t\t\t<p>Ein Krater Das Team aus Holzheim besuchte uns und wollte die ersten Punkte holen. Doch die Mannschaft der Eintracht war nun mal mit Abstand der Spitzenreiter der Tabelle. Der erste Gastsch\u00fctze, Kreis Alexander, lieferte mit 383 Ringen ein hervorragendes Ergebnis ab, von welchem Langenmeir Stefan diesmal nur tr\u00e4umen konnte. Allerdings waren seine 374 Ringe dennoch&#8230;<\/p>\n\t\t\t\t<\/div>\n\n\t\t\t\t\t\t\t\t\t<a href=\"https:\/\/www.eintracht-schretzheim.de\/?p=8400#respond\" class=\"su-post-comments-link\">0 Kommentare<\/a>\n\t\t\t\t\n\t\t\t<\/div>\n\n\t\t\t\t\t\n\t\t\t\n\t\t\t<div id=\"su-post-8357\" class=\"su-post \">\n\n\t\t\t\t\n\t\t\t\t<h2 class=\"su-post-title\"><a href=\"https:\/\/www.eintracht-schretzheim.de\/?p=8357\">RWK 2025 &#8211; LG2 &#8211; Runde 4<\/a><\/h2>\n\n\t\t\t\t<div class=\"su-post-meta\">\n\t\t\t\t\tVer\u00f6ffentlicht: 26. November 2024\t\t\t\t<\/div>\n\n\t\t\t\t<div class=\"su-post-excerpt\">\n\t\t\t\t\t<p>Eine knappe Entscheidung\u00a0 \u00a0 \u00a0 \u00a0 Das Team aus Deisenhofen besuchte die Schretzheimer und stellte dabei eine wahre Herausforderung dar. Von den G\u00e4sten hatten Hurler Sebastian (371 Ringe) und Sch\u00f6n Sebastian (367 Ringe) bald schon ihren Wettkampf beendet. Aber auch Mehmet Kursuncu lie\u00df sich als Speedy nicht lumpen und brachte 371 Ringe in die Wertung&#8230;<\/p>\n\t\t\t\t<\/div>\n\n\t\t\t\t\t\t\t\t\t<a href=\"https:\/\/www.eintracht-schretzheim.de\/?p=8357#respond\" class=\"su-post-comments-link\">0 Kommentare<\/a>\n\t\t\t\t\n\t\t\t<\/div>\n\n\t\t\t\t\t\n\t\t\t\n\t\t\t<div id=\"su-post-8338\" class=\"su-post \">\n\n\t\t\t\t\n\t\t\t\t<h2 class=\"su-post-title\"><a href=\"https:\/\/www.eintracht-schretzheim.de\/?p=8338\">RWK 2025 &#8211; LG2 &#8211; Runde 3<\/a><\/h2>\n\n\t\t\t\t<div class=\"su-post-meta\">\n\t\t\t\t\tVer\u00f6ffentlicht: 11. November 2024\t\t\t\t<\/div>\n\n\t\t\t\t<div class=\"su-post-excerpt\">\n\t\t\t\t\t<p>Volle fahrt voraus Im Ausw\u00e4rtskampf gegen Wittislingen wurde wieder mit starker Besetzung angetreten. Burger Stefan und Mayerle Martin erzielten beide 366 Ringe f\u00fcr die Heimmannschaft. Oblinger Ulrich legte dann noch 363 Ringe hinzu und schlie\u00dflich 375 Ringe von Wiegel Thorsten. Somit kamen glatte 1470 Ringe auf Seiten der Wittislinger zusammen. Nun aber zu den Schretzheimern&#8230;.<\/p>\n\t\t\t\t<\/div>\n\n\t\t\t\t\t\t\t\t\t<a href=\"https:\/\/www.eintracht-schretzheim.de\/?p=8338#respond\" class=\"su-post-comments-link\">0 Kommentare<\/a>\n\t\t\t\t\n\t\t\t<\/div>\n\n\t\t\t\t\t\n\t\t\t\n\t\t\t<div id=\"su-post-8318\" class=\"su-post \">\n\n\t\t\t\t\n\t\t\t\t<h2 class=\"su-post-title\"><a href=\"https:\/\/www.eintracht-schretzheim.de\/?p=8318\">RWK 2025 -LG2 &#8211; Runde 2<\/a><\/h2>\n\n\t\t\t\t<div class=\"su-post-meta\">\n\t\t\t\t\tVer\u00f6ffentlicht: 4. November 2024\t\t\t\t<\/div>\n\n\t\t\t\t<div class=\"su-post-excerpt\">\n\t\t\t\t\t<p>Im Schatten der LG1 Zu Besuch kam Kicklingen, um sich mit Schretzheims neuen LG2-Team zu messen. Gollmann Tobias (351 Ringe), Wiedenmann Stephanie (355 Ringe), Hintermaier Ingrid (366 Ringe) und Schweizer Lisa (372 Ringe) waren dabei allerdings chancenlos, denn die Sch\u00fctzen der Eintracht wollten zeigen, dass sie zumindest im Gesamtergebnis mit unserem Spitzenteam mithalten k\u00f6nnen. Stefan&#8230;<\/p>\n\t\t\t\t<\/div>\n\n\t\t\t\t\t\t\t\t\t<a href=\"https:\/\/www.eintracht-schretzheim.de\/?p=8318#respond\" class=\"su-post-comments-link\">0 Kommentare<\/a>\n\t\t\t\t\n\t\t\t<\/div>\n\n\t\t\t\t\t\n\t\t\t\n\t\t\t<div id=\"su-post-8843\" class=\"su-post \">\n\n\t\t\t\t\n\t\t\t\t<h2 class=\"su-post-title\"><a href=\"https:\/\/www.eintracht-schretzheim.de\/?p=8843\">RWK 2025 &#8211; LG2 &#8211; Runde 10<\/a><\/h2>\n\n\t\t\t\t<div class=\"su-post-meta\">\n\t\t\t\t\tVer\u00f6ffentlicht: 10. M\u00e4rz 2025\t\t\t\t<\/div>\n\n\t\t\t\t<div class=\"su-post-excerpt\">\n\t\t\t\t\t<p>Knappifatz! Zum Abschluss der Saison wollten es die Schretzheimer in Holzheim noch einmal richtig spannend um ihren Meistertitel inklusive Aufstieg machen. W\u00e4hrend die (meisten) Sch\u00fctzen der Eintracht etwas schw\u00e4chelten, legten die Holzheimer die Latte wirklich hoch. Spitzensch\u00fctze der Heimmannschaft war Kreis Alexander (379 Ringe). Aber auch Saur Natalie lie\u00df mit ihren 373 Ringen nicht viel&#8230;<\/p>\n\t\t\t\t<\/div>\n\n\t\t\t\t\t\t\t\t\t<a href=\"https:\/\/www.eintracht-schretzheim.de\/?p=8843#respond\" class=\"su-post-comments-link\">0 Kommentare<\/a>\n\t\t\t\t\n\t\t\t<\/div>\n\n\t\t\n\t\n<\/div>\n\n","protected":false},"excerpt":{"rendered":"","protected":false},"author":11,"featured_media":0,"parent":0,"menu_order":0,"comment_status":"closed","ping_status":"closed","template":"","meta":{"footnotes":""},"class_list":["post-8513","page","type-page","status-publish","hentry"],"_links":{"self":[{"href":"https:\/\/www.eintracht-schretzheim.de\/index.php?rest_route=\/wp\/v2\/pages\/8513","targetHints":{"allow":["GET"]}}],"collection":[{"href":"https:\/\/www.eintracht-schretzheim.de\/index.php?rest_route=\/wp\/v2\/pages"}],"about":[{"href":"https:\/\/www.eintracht-schretzheim.de\/index.php?rest_route=\/wp\/v2\/types\/page"}],"author":[{"embeddable":true,"href":"https:\/\/www.eintracht-schretzheim.de\/index.php?rest_route=\/wp\/v2\/users\/11"}],"replies":[{"embeddable":true,"href":"https:\/\/www.eintracht-schretzheim.de\/index.php?rest_route=%2Fwp%2Fv2%2Fcomments&post=8513"}],"version-history":[{"count":6,"href":"https:\/\/www.eintracht-schretzheim.de\/index.php?rest_route=\/wp\/v2\/pages\/8513\/revisions"}],"predecessor-version":[{"id":8847,"href":"https:\/\/www.eintracht-schretzheim.de\/index.php?rest_route=\/wp\/v2\/pages\/8513\/revisions\/8847"}],"wp:attachment":[{"href":"https:\/\/www.eintracht-schretzheim.de\/index.php?rest_route=%2Fwp%2Fv2%2Fmedia&parent=8513"}],"curies":[{"name":"wp","href":"https:\/\/api.w.org\/{rel}","templated":true}]}}