{"id":8512,"date":"2025-01-27T11:34:25","date_gmt":"2025-01-27T10:34:25","guid":{"rendered":"https:\/\/www.eintracht-schretzheim.de\/?page_id=8512"},"modified":"2025-02-21T09:41:42","modified_gmt":"2025-02-21T08:41:42","slug":"luftgewehr-1","status":"publish","type":"page","link":"https:\/\/www.eintracht-schretzheim.de\/?page_id=8512","title":{"rendered":"Luftgewehr 1 (2025)"},"content":{"rendered":"\n\n<div class=\"su-posts su-posts-default-loop \">\n\n\t\n\t\t\t\t\t\n\t\t\t\n\t\t\t<div id=\"su-post-8297\" class=\"su-post \">\n\n\t\t\t\t\n\t\t\t\t<h2 class=\"su-post-title\"><a href=\"https:\/\/www.eintracht-schretzheim.de\/?p=8297\">RWK 2025 &#8211; LG1 &#8211; Runde1<\/a><\/h2>\n\n\t\t\t\t<div class=\"su-post-meta\">\n\t\t\t\t\tVer\u00f6ffentlicht: 14. Oktober 2024\t\t\t\t<\/div>\n\n\t\t\t\t<div class=\"su-post-excerpt\">\n\t\t\t\t\t<p>Ein Anfang voller Freuden? Da das Haus bereits voll war, konnte der Heimkampf erst um 21:00 Uhr beginnen. Doch da man vor K\u00f6singen eine gewisse Vorsicht hatte und gleich zum Auftakt von der neuen Stamm-Zusammenstellung zwei Leistungstr\u00e4ger aus gesundheitlichen Gr\u00fcnden (Beste Besserung den beiden!) ausgefallen sind, rechnete man nicht mit all zu gro\u00dfem Erfolg. Nach&#8230;<\/p>\n\t\t\t\t<\/div>\n\n\t\t\t\t\t\t\t\t\t<a href=\"https:\/\/www.eintracht-schretzheim.de\/?p=8297#respond\" class=\"su-post-comments-link\">0 Kommentare<\/a>\n\t\t\t\t\n\t\t\t<\/div>\n\n\t\t\t\t\t\n\t\t\t\n\t\t\t<div id=\"su-post-8316\" class=\"su-post \">\n\n\t\t\t\t\n\t\t\t\t<h2 class=\"su-post-title\"><a href=\"https:\/\/www.eintracht-schretzheim.de\/?p=8316\">RWK 2025 &#8211; LG1 &#8211; Runde 2<\/a><\/h2>\n\n\t\t\t\t<div class=\"su-post-meta\">\n\t\t\t\t\tVer\u00f6ffentlicht: 4. November 2024\t\t\t\t<\/div>\n\n\t\t\t\t<div class=\"su-post-excerpt\">\n\t\t\t\t\t<p>Erstmals in Vollbesetzung Ausw\u00e4rts in Minderoffingen musste man sich starken Gegnern stellen. Auf Position 1 war f\u00fcr Mannschaftsf\u00fchrer Florian Miehlich nicht viel zu holen, denn auch wenn er gute 383 Ringe erzielte, war Straub Franziska (391 Ringe) einfach noch eine Klasse besser. Da die neu Truppe der Eintracht aber sehr konstant aufgestellt ist, konnte man&#8230;<\/p>\n\t\t\t\t<\/div>\n\n\t\t\t\t\t\t\t\t\t<a href=\"https:\/\/www.eintracht-schretzheim.de\/?p=8316#respond\" class=\"su-post-comments-link\">0 Kommentare<\/a>\n\t\t\t\t\n\t\t\t<\/div>\n\n\t\t\t\t\t\n\t\t\t\n\t\t\t<div id=\"su-post-8336\" class=\"su-post \">\n\n\t\t\t\t\n\t\t\t\t<h2 class=\"su-post-title\"><a href=\"https:\/\/www.eintracht-schretzheim.de\/?p=8336\">RWK 2025 &#8211; LG1 &#8211; Runde 3<\/a><\/h2>\n\n\t\t\t\t<div class=\"su-post-meta\">\n\t\t\t\t\tVer\u00f6ffentlicht: 11. November 2024\t\t\t\t<\/div>\n\n\t\t\t\t<div class=\"su-post-excerpt\">\n\t\t\t\t\t<p>Geht der Lauf weiter? Eine weitere Begegnung in Schretzheim, bei welcher Susanne Wurm als Ersatz f\u00fcr Rainer H\u00e4usler an den Stand gehen durfte. Sch\u00fcsschen f\u00fcr Sch\u00fcsschen zeigte sie wieder einmal ihre Klasse. Mit erstklassigen 382 Ringen \u00fcberzeugte sie auf voller Distanz neben Mangold Jessica (369 Ringe) und holte diesen Einzelpunkt f\u00fcr die Eintracht. Auch Jannik&#8230;<\/p>\n\t\t\t\t<\/div>\n\n\t\t\t\t\t\t\t\t\t<a href=\"https:\/\/www.eintracht-schretzheim.de\/?p=8336#respond\" class=\"su-post-comments-link\">0 Kommentare<\/a>\n\t\t\t\t\n\t\t\t<\/div>\n\n\t\t\t\t\t\n\t\t\t\n\t\t\t<div id=\"su-post-8360\" class=\"su-post \">\n\n\t\t\t\t\n\t\t\t\t<h2 class=\"su-post-title\"><a href=\"https:\/\/www.eintracht-schretzheim.de\/?p=8360\">RWK 2025 &#8211; LG1 &#8211; Runde 4<\/a><\/h2>\n\n\t\t\t\t<div class=\"su-post-meta\">\n\t\t\t\t\tVer\u00f6ffentlicht: 25. November 2024\t\t\t\t<\/div>\n\n\t\t\t\t<div class=\"su-post-excerpt\">\n\t\t\t\t\t<p>Sausen lassen&#8230;\u00a0 \u00a0 W\u00e4hrend die Ergebnisse der zweiten wie auch dritten Gewehrmannschaft feststanden, schoss Schretzheims Liga-Team in Ebermergen. Hierbei rechnete man sich gute Chancen aus, um dem Aufstieg n\u00e4her zu r\u00fccken. Auf Position 4 wurde gleich einmal &#8222;Boden gut gemacht&#8220;, denn Rainer H\u00e4usler deklassierte seinen Gegner, G\u00f6ttler Thomas (371 Ringe), f\u00f6rmlich mit erstklassigen 387 Ringen!&#8230;<\/p>\n\t\t\t\t<\/div>\n\n\t\t\t\t\t\t\t\t\t<a href=\"https:\/\/www.eintracht-schretzheim.de\/?p=8360#respond\" class=\"su-post-comments-link\">0 Kommentare<\/a>\n\t\t\t\t\n\t\t\t<\/div>\n\n\t\t\t\t\t\n\t\t\t\n\t\t\t<div id=\"su-post-8411\" class=\"su-post \">\n\n\t\t\t\t\n\t\t\t\t<h2 class=\"su-post-title\"><a href=\"https:\/\/www.eintracht-schretzheim.de\/?p=8411\">RWK 2025 &#8211; LG1 &#8211; Runde 5<\/a><\/h2>\n\n\t\t\t\t<div class=\"su-post-meta\">\n\t\t\t\t\tVer\u00f6ffentlicht: 16. Dezember 2024\t\t\t\t<\/div>\n\n\t\t\t\t<div class=\"su-post-excerpt\">\n\t\t\t\t\t<p>Duell um die Tabellenspitze Sulzdorf kam zu Besuch, um im letzten Wettstreit vor Weihnachten auszumachen, welches Team mit Platz 1 der Hinrunde beschenkt wird. Nach langen Gespr\u00e4chen ging dann die Vorbereitung los und es war bereits deutlich zu sp\u00fcren, dass einiges auf dem Spiel stand. &#8222;Wettkampf START&#8220; und das Zittern wurde schlimmer! Jannik Anzenhofer schoss&#8230;<\/p>\n\t\t\t\t<\/div>\n\n\t\t\t\t\t\t\t\t\t<a href=\"https:\/\/www.eintracht-schretzheim.de\/?p=8411#respond\" class=\"su-post-comments-link\">0 Kommentare<\/a>\n\t\t\t\t\n\t\t\t<\/div>\n\n\t\t\n\t\n<\/div>\n\n","protected":false},"excerpt":{"rendered":"","protected":false},"author":11,"featured_media":0,"parent":0,"menu_order":0,"comment_status":"closed","ping_status":"closed","template":"","meta":{"footnotes":""},"class_list":["post-8512","page","type-page","status-publish","hentry"],"_links":{"self":[{"href":"https:\/\/www.eintracht-schretzheim.de\/index.php?rest_route=\/wp\/v2\/pages\/8512","targetHints":{"allow":["GET"]}}],"collection":[{"href":"https:\/\/www.eintracht-schretzheim.de\/index.php?rest_route=\/wp\/v2\/pages"}],"about":[{"href":"https:\/\/www.eintracht-schretzheim.de\/index.php?rest_route=\/wp\/v2\/types\/page"}],"author":[{"embeddable":true,"href":"https:\/\/www.eintracht-schretzheim.de\/index.php?rest_route=\/wp\/v2\/users\/11"}],"replies":[{"embeddable":true,"href":"https:\/\/www.eintracht-schretzheim.de\/index.php?rest_route=%2Fwp%2Fv2%2Fcomments&post=8512"}],"version-history":[{"count":2,"href":"https:\/\/www.eintracht-schretzheim.de\/index.php?rest_route=\/wp\/v2\/pages\/8512\/revisions"}],"predecessor-version":[{"id":8712,"href":"https:\/\/www.eintracht-schretzheim.de\/index.php?rest_route=\/wp\/v2\/pages\/8512\/revisions\/8712"}],"wp:attachment":[{"href":"https:\/\/www.eintracht-schretzheim.de\/index.php?rest_route=%2Fwp%2Fv2%2Fmedia&parent=8512"}],"curies":[{"name":"wp","href":"https:\/\/api.w.org\/{rel}","templated":true}]}}

<div class="su-posts su-posts-default-loop ">

	
					
			
			<div id="su-post-8297" class="su-post ">

				
				<h2 class="su-post-title"><a href="https://www.eintracht-schretzheim.de/?p=8297">RWK 2025 &#8211; LG1 &#8211; Runde1</a></h2>

				<div class="su-post-meta">
					Veröffentlicht: 14. Oktober 2024				</div>

				<div class="su-post-excerpt">
					<p>Ein Anfang voller Freuden? Da das Haus bereits voll war, konnte der Heimkampf erst um 21:00 Uhr beginnen. Doch da man vor Kösingen eine gewisse Vorsicht hatte und gleich zum Auftakt von der neuen Stamm-Zusammenstellung zwei Leistungsträger aus gesundheitlichen Gründen (Beste Besserung den beiden!) ausgefallen sind, rechnete man nicht mit all zu großem Erfolg. Nach&#8230;</p>
				</div>

									<a href="https://www.eintracht-schretzheim.de/?p=8297#respond" class="su-post-comments-link">0 Kommentare</a>
				
			</div>

					
			
			<div id="su-post-8316" class="su-post ">

				
				<h2 class="su-post-title"><a href="https://www.eintracht-schretzheim.de/?p=8316">RWK 2025 &#8211; LG1 &#8211; Runde 2</a></h2>

				<div class="su-post-meta">
					Veröffentlicht: 4. November 2024				</div>

				<div class="su-post-excerpt">
					<p>Erstmals in Vollbesetzung Auswärts in Minderoffingen musste man sich starken Gegnern stellen. Auf Position 1 war für Mannschaftsführer Florian Miehlich nicht viel zu holen, denn auch wenn er gute 383 Ringe erzielte, war Straub Franziska (391 Ringe) einfach noch eine Klasse besser. Da die neu Truppe der Eintracht aber sehr konstant aufgestellt ist, konnte man&#8230;</p>
				</div>

									<a href="https://www.eintracht-schretzheim.de/?p=8316#respond" class="su-post-comments-link">0 Kommentare</a>
				
			</div>

					
			
			<div id="su-post-8336" class="su-post ">

				
				<h2 class="su-post-title"><a href="https://www.eintracht-schretzheim.de/?p=8336">RWK 2025 &#8211; LG1 &#8211; Runde 3</a></h2>

				<div class="su-post-meta">
					Veröffentlicht: 11. November 2024				</div>

				<div class="su-post-excerpt">
					<p>Geht der Lauf weiter? Eine weitere Begegnung in Schretzheim, bei welcher Susanne Wurm als Ersatz für Rainer Häusler an den Stand gehen durfte. Schüsschen für Schüsschen zeigte sie wieder einmal ihre Klasse. Mit erstklassigen 382 Ringen überzeugte sie auf voller Distanz neben Mangold Jessica (369 Ringe) und holte diesen Einzelpunkt für die Eintracht. Auch Jannik&#8230;</p>
				</div>

									<a href="https://www.eintracht-schretzheim.de/?p=8336#respond" class="su-post-comments-link">0 Kommentare</a>
				
			</div>

					
			
			<div id="su-post-8360" class="su-post ">

				
				<h2 class="su-post-title"><a href="https://www.eintracht-schretzheim.de/?p=8360">RWK 2025 &#8211; LG1 &#8211; Runde 4</a></h2>

				<div class="su-post-meta">
					Veröffentlicht: 25. November 2024				</div>

				<div class="su-post-excerpt">
					<p>Sausen lassen&#8230;    Während die Ergebnisse der zweiten wie auch dritten Gewehrmannschaft feststanden, schoss Schretzheims Liga-Team in Ebermergen. Hierbei rechnete man sich gute Chancen aus, um dem Aufstieg näher zu rücken. Auf Position 4 wurde gleich einmal &#8222;Boden gut gemacht&#8220;, denn Rainer Häusler deklassierte seinen Gegner, Göttler Thomas (371 Ringe), förmlich mit erstklassigen 387 Ringen!&#8230;</p>
				</div>

									<a href="https://www.eintracht-schretzheim.de/?p=8360#respond" class="su-post-comments-link">0 Kommentare</a>
				
			</div>

					
			
			<div id="su-post-8411" class="su-post ">

				
				<h2 class="su-post-title"><a href="https://www.eintracht-schretzheim.de/?p=8411">RWK 2025 &#8211; LG1 &#8211; Runde 5</a></h2>

				<div class="su-post-meta">
					Veröffentlicht: 16. Dezember 2024				</div>

				<div class="su-post-excerpt">
					<p>Duell um die Tabellenspitze Sulzdorf kam zu Besuch, um im letzten Wettstreit vor Weihnachten auszumachen, welches Team mit Platz 1 der Hinrunde beschenkt wird. Nach langen Gesprächen ging dann die Vorbereitung los und es war bereits deutlich zu spüren, dass einiges auf dem Spiel stand. &#8222;Wettkampf START&#8220; und das Zittern wurde schlimmer! Jannik Anzenhofer schoss&#8230;</p>
				</div>

									<a href="https://www.eintracht-schretzheim.de/?p=8411#respond" class="su-post-comments-link">0 Kommentare</a>
				
			</div>

		
	
</div>
