{"id":6694,"date":"2021-12-23T17:09:50","date_gmt":"2021-12-23T16:09:50","guid":{"rendered":"https:\/\/www.eintracht-schretzheim.de\/?page_id=6694"},"modified":"2022-12-26T19:24:18","modified_gmt":"2022-12-26T18:24:18","slug":"alle-ergebnisse-2022","status":"publish","type":"page","link":"https:\/\/www.eintracht-schretzheim.de\/?page_id=6694","title":{"rendered":"2022"},"content":{"rendered":"<h2><span style=\"color: #ff6600;\">Weihnachts &#8211; und K\u00f6nigsschie\u00dfen 2021<\/span><\/h2>\n<p><a href=\"https:\/\/www.eintracht-schretzheim.de\/wp-content\/uploads\/2022\/04\/Ergebnisliste-Koenigsschiessen-2022.pdf\">Ergebnisliste K\u00f6nigsschie\u00dfen 2021<\/a><\/p>\n<h2><span style=\"color: #ff6600;\">Aufstiegswettkampf LP 1 zur Bezirksliga<\/span><\/h2>\n<p><a href=\"https:\/\/www.eintracht-schretzheim.de\/wp-content\/uploads\/2022\/04\/Screenshot-3.png\"><img fetchpriority=\"high\" decoding=\"async\" class=\"alignnone size-medium wp-image-6939\" src=\"https:\/\/www.eintracht-schretzheim.de\/wp-content\/uploads\/2022\/04\/Screenshot-3-300x169.png\" alt=\"\" width=\"300\" height=\"169\" srcset=\"https:\/\/www.eintracht-schretzheim.de\/wp-content\/uploads\/2022\/04\/Screenshot-3-300x169.png 300w, https:\/\/www.eintracht-schretzheim.de\/wp-content\/uploads\/2022\/04\/Screenshot-3-644x362.png 644w, https:\/\/www.eintracht-schretzheim.de\/wp-content\/uploads\/2022\/04\/Screenshot-3-768x432.png 768w, https:\/\/www.eintracht-schretzheim.de\/wp-content\/uploads\/2022\/04\/Screenshot-3-1536x864.png 1536w, https:\/\/www.eintracht-schretzheim.de\/wp-content\/uploads\/2022\/04\/Screenshot-3.png 1600w\" sizes=\"(max-width: 300px) 100vw, 300px\" \/><\/a>\u00a0 \u00a0 \u00a0 \u00a0 \u00a0 <a href=\"https:\/\/www.eintracht-schretzheim.de\/wp-content\/uploads\/2022\/04\/Screenshot-5.png\"><img decoding=\"async\" class=\"alignnone size-medium wp-image-6940\" src=\"https:\/\/www.eintracht-schretzheim.de\/wp-content\/uploads\/2022\/04\/Screenshot-5-300x169.png\" alt=\"\" width=\"300\" height=\"169\" srcset=\"https:\/\/www.eintracht-schretzheim.de\/wp-content\/uploads\/2022\/04\/Screenshot-5-300x169.png 300w, https:\/\/www.eintracht-schretzheim.de\/wp-content\/uploads\/2022\/04\/Screenshot-5-644x362.png 644w, https:\/\/www.eintracht-schretzheim.de\/wp-content\/uploads\/2022\/04\/Screenshot-5-768x432.png 768w, https:\/\/www.eintracht-schretzheim.de\/wp-content\/uploads\/2022\/04\/Screenshot-5-1536x864.png 1536w, https:\/\/www.eintracht-schretzheim.de\/wp-content\/uploads\/2022\/04\/Screenshot-5.png 1600w\" sizes=\"(max-width: 300px) 100vw, 300px\" \/><\/a><\/p>\n<h2><span style=\"color: #ff6600;\">Gaumeisterschaften 2022<\/span><\/h2>\n<p><a href=\"https:\/\/www.eintracht-schretzheim.de\/wp-content\/uploads\/2022\/04\/Einzelergebnisse_Schretzheim_GM2022.pdf\">Einzelergebnisse_Schretzheim_GM2022<\/a><\/p>\n<p><a href=\"https:\/\/www.eintracht-schretzheim.de\/wp-content\/uploads\/2022\/04\/Mannschaftsergebnisse_Schretzheim_GM2022.pdf\">Mannschaftsergebnisse_Schretzheim_GM2022<\/a><\/p>\n<p>&nbsp;<\/p>\n<h2><span style=\"color: #ff6600;\">Gaupokal 2022<\/span><\/h2>\n<p><span style=\"text-decoration: underline;\">Runde 1<\/span><\/p>\n<p><a href=\"https:\/\/www.eintracht-schretzheim.de\/wp-content\/uploads\/2022\/05\/GP-2022-Runde-1-scaled.jpeg\"><img decoding=\"async\" class=\"alignnone size-medium wp-image-6987\" src=\"https:\/\/www.eintracht-schretzheim.de\/wp-content\/uploads\/2022\/05\/GP-2022-Runde-1-218x300.jpeg\" alt=\"\" width=\"218\" height=\"300\" srcset=\"https:\/\/www.eintracht-schretzheim.de\/wp-content\/uploads\/2022\/05\/GP-2022-Runde-1-218x300.jpeg 218w, https:\/\/www.eintracht-schretzheim.de\/wp-content\/uploads\/2022\/05\/GP-2022-Runde-1-644x886.jpeg 644w, https:\/\/www.eintracht-schretzheim.de\/wp-content\/uploads\/2022\/05\/GP-2022-Runde-1-768x1056.jpeg 768w, https:\/\/www.eintracht-schretzheim.de\/wp-content\/uploads\/2022\/05\/GP-2022-Runde-1-1117x1536.jpeg 1117w, https:\/\/www.eintracht-schretzheim.de\/wp-content\/uploads\/2022\/05\/GP-2022-Runde-1-1489x2048.jpeg 1489w, https:\/\/www.eintracht-schretzheim.de\/wp-content\/uploads\/2022\/05\/GP-2022-Runde-1-scaled.jpeg 1861w\" sizes=\"(max-width: 218px) 100vw, 218px\" \/><\/a><\/p>\n<p><span style=\"text-decoration: underline;\">Runde 2<\/span><\/p>\n<p><a href=\"https:\/\/www.eintracht-schretzheim.de\/wp-content\/uploads\/2022\/06\/GP-2022-Runde-2-scaled.jpeg\"><img loading=\"lazy\" decoding=\"async\" class=\"alignnone size-medium wp-image-7115\" src=\"https:\/\/www.eintracht-schretzheim.de\/wp-content\/uploads\/2022\/06\/GP-2022-Runde-2-218x300.jpeg\" alt=\"\" width=\"218\" height=\"300\" srcset=\"https:\/\/www.eintracht-schretzheim.de\/wp-content\/uploads\/2022\/06\/GP-2022-Runde-2-218x300.jpeg 218w, https:\/\/www.eintracht-schretzheim.de\/wp-content\/uploads\/2022\/06\/GP-2022-Runde-2-644x886.jpeg 644w, https:\/\/www.eintracht-schretzheim.de\/wp-content\/uploads\/2022\/06\/GP-2022-Runde-2-768x1056.jpeg 768w, https:\/\/www.eintracht-schretzheim.de\/wp-content\/uploads\/2022\/06\/GP-2022-Runde-2-1117x1536.jpeg 1117w, https:\/\/www.eintracht-schretzheim.de\/wp-content\/uploads\/2022\/06\/GP-2022-Runde-2-1489x2048.jpeg 1489w, https:\/\/www.eintracht-schretzheim.de\/wp-content\/uploads\/2022\/06\/GP-2022-Runde-2-scaled.jpeg 1861w\" sizes=\"(max-width: 218px) 100vw, 218px\" \/><\/a><\/p>\n<h2><span style=\"color: #ff6600;\"><a style=\"color: #ff6600;\" href=\"https:\/\/www.eintracht-schretzheim.de\/wp-content\/uploads\/2022\/09\/Finale-Gaupokal-2022.pdf\">Finale Gaupokal 2022<\/a><\/span><\/h2>\n<h2><span style=\"color: #ff6600;\"><a style=\"color: #ff6600;\" href=\"https:\/\/www.eintracht-schretzheim.de\/wp-content\/uploads\/2022\/06\/Ergebnisse-Stadtmeisterschaft-2022-LG_LP.pdf\">Ergebnisse Stadtmeisterschaft 2022 LG und LP<\/a><\/span><\/h2>\n<h2><span style=\"color: #ff6600;\"><a style=\"color: #ff6600;\" href=\"https:\/\/www.eintracht-schretzheim.de\/wp-content\/uploads\/2022\/07\/Ergebnisse-bayerische-Meisterschaft-2022.pdf\">Ergebnisse bayerische Meisterschaft 2022<\/a><\/span><\/h2>\n<h2><span style=\"color: #ff6600;\"><a style=\"color: #ff6600;\" href=\"https:\/\/www.eintracht-schretzheim.de\/wp-content\/uploads\/2022\/09\/Ergebnisse-Deutsche-Meisterschaft-2022_Muenchen.pdf\">Ergebnisse Deutsche Meisterschaft 2022_M\u00fcnchen<\/a><\/span><\/h2>\n<h2><span style=\"color: #ff6600;\"><a style=\"color: #ff6600;\" href=\"https:\/\/www.eintracht-schretzheim.de\/wp-content\/uploads\/2022\/09\/Ergebnisse-bayerische-Seniorenmeisterschaft-2022.pdf\">Ergebnisse bayerische Seniorenmeisterschaft 2022<\/a><\/span><\/h2>\n<h2><span style=\"color: #ff6600;\"><a style=\"color: #ff6600;\" href=\"https:\/\/www.eintracht-schretzheim.de\/wp-content\/uploads\/2022\/10\/Siegerliste-gesamt_STM-2022_KK.pdf\">Ergebnisse Stadtmeisterschaft 2022_KK<\/a><\/span><\/h2>\n<h2><span style=\"color: #ff6600;\"><a style=\"color: #ff6600;\" href=\"https:\/\/www.eintracht-schretzheim.de\/wp-content\/uploads\/2022\/10\/Bayern-Match-2022_Ergebnisse-Schretzheim.pdf\">Bayern Match 2022_Ergebnisse Schretzheim<\/a><\/span><\/h2>\n<h2><span style=\"color: #ff6600;\"><a style=\"color: #ff6600;\" href=\"https:\/\/www.eintracht-schretzheim.de\/wp-content\/uploads\/2022\/10\/Gesamtergebnisse-GS-2022.pdf\">Gesamtergebnisse Gauschie\u00dfen 2022<\/a><\/span><\/h2>\n<h2><span style=\"color: #ff6600;\"><a style=\"color: #ff6600;\" href=\"https:\/\/www.eintracht-schretzheim.de\/wp-content\/uploads\/2022\/11\/Ergebnisse-Generationenmatch-2022.pdf\">Ergebnisse Generationenmatch 2022<\/a><\/span><\/h2>\n<p>&nbsp;<\/p>\n<p>&nbsp;<\/p>\n<p>&nbsp;<\/p>\n<p>&nbsp;<\/p>\n<p>&nbsp;<\/p>\n<p>&nbsp;<\/p>\n<p>&nbsp;<\/p>\n<h2><\/h2>\n<h2><\/h2>\n<p>&nbsp;<\/p>\n<p>&nbsp;<\/p>\n","protected":false},"excerpt":{"rendered":"<p>Weihnachts &#8211; und K\u00f6nigsschie\u00dfen 2021 Ergebnisliste K\u00f6nigsschie\u00dfen 2021 Aufstiegswettkampf LP 1 zur Bezirksliga \u00a0 \u00a0 \u00a0 \u00a0 \u00a0 Gaumeisterschaften 2022 Einzelergebnisse_Schretzheim_GM2022 Mannschaftsergebnisse_Schretzheim_GM2022 &nbsp; Gaupokal 2022 Runde 1 Runde 2 Finale Gaupokal 2022 Ergebnisse Stadtmeisterschaft 2022 LG und LP Ergebnisse bayerische Meisterschaft 2022 Ergebnisse Deutsche Meisterschaft 2022_M\u00fcnchen Ergebnisse bayerische Seniorenmeisterschaft 2022 Ergebnisse Stadtmeisterschaft 2022_KK Bayern Match&#8230;<\/p>\n","protected":false},"author":10,"featured_media":0,"parent":0,"menu_order":0,"comment_status":"closed","ping_status":"closed","template":"","meta":{"footnotes":""},"class_list":["post-6694","page","type-page","status-publish","hentry"],"_links":{"self":[{"href":"https:\/\/www.eintracht-schretzheim.de\/index.php?rest_route=\/wp\/v2\/pages\/6694","targetHints":{"allow":["GET"]}}],"collection":[{"href":"https:\/\/www.eintracht-schretzheim.de\/index.php?rest_route=\/wp\/v2\/pages"}],"about":[{"href":"https:\/\/www.eintracht-schretzheim.de\/index.php?rest_route=\/wp\/v2\/types\/page"}],"author":[{"embeddable":true,"href":"https:\/\/www.eintracht-schretzheim.de\/index.php?rest_route=\/wp\/v2\/users\/10"}],"replies":[{"embeddable":true,"href":"https:\/\/www.eintracht-schretzheim.de\/index.php?rest_route=%2Fwp%2Fv2%2Fcomments&post=6694"}],"version-history":[{"count":26,"href":"https:\/\/www.eintracht-schretzheim.de\/index.php?rest_route=\/wp\/v2\/pages\/6694\/revisions"}],"predecessor-version":[{"id":7565,"href":"https:\/\/www.eintracht-schretzheim.de\/index.php?rest_route=\/wp\/v2\/pages\/6694\/revisions\/7565"}],"wp:attachment":[{"href":"https:\/\/www.eintracht-schretzheim.de\/index.php?rest_route=%2Fwp%2Fv2%2Fmedia&parent=6694"}],"curies":[{"name":"wp","href":"https:\/\/api.w.org\/{rel}","templated":true}]}}