{"id":187,"date":"2015-01-19T09:45:13","date_gmt":"2015-01-19T08:45:13","guid":{"rendered":"http:\/\/www.eintracht-schretzheim.de\/?page_id=187"},"modified":"2022-04-03T09:32:04","modified_gmt":"2022-04-03T07:32:04","slug":"unsere-vorstandschaft","status":"publish","type":"page","link":"https:\/\/www.eintracht-schretzheim.de\/?page_id=187","title":{"rendered":"Vorstandschaft"},"content":{"rendered":"<h3 style=\"text-align: center;\"><\/h3>\n<h3 style=\"text-align: center;\"><a href=\"https:\/\/www.eintracht-schretzheim.de\/wp-content\/uploads\/2022\/04\/Vorstandschaft-mit-Ehrenmitgliedern.pdf\">Vorstandschaft mit Ehrenmitgliedern_Stand 02.04.2022<\/a><\/h3>\n<p>&nbsp;<\/p>\n<p style=\"text-align: center;\"><span style=\"color: #ff0000;\"><strong><em><span style=\"text-decoration: underline;\">Unter nachfolgendem Link k\u00f6nnen Sie die Historie aller 1. und 2. Vorst\u00e4nde, sowie der Kassierer und Schriftf\u00fchrer der Eintrachtsch\u00fctzen Schretzheim einsehen<\/span><\/em><\/strong><\/span><\/p>\n<p style=\"text-align: center;\"><a href=\"https:\/\/www.eintracht-schretzheim.de\/wp-content\/uploads\/2022\/04\/Historie-Vorstandschaft.pdf\">Historie Haupt &#8211; Vorstandschaft<\/a><\/p>\n<p>&nbsp;<\/p>\n<p><span style=\"font-size: 10pt;\">\u00a0 \u00a0 \u00a0 \u00a0 \u00a0 \u00a0 \u00a0 \u00a0 \u00a0 \u00a0<\/span><\/p>\n<h3><\/h3>\n<p>&nbsp;<\/p>\n","protected":false},"excerpt":{"rendered":"<p>Vorstandschaft mit Ehrenmitgliedern_Stand 02.04.2022 &nbsp; Unter nachfolgendem Link k\u00f6nnen Sie die Historie aller 1. und 2. Vorst\u00e4nde, sowie der Kassierer und Schriftf\u00fchrer der Eintrachtsch\u00fctzen Schretzheim einsehen Historie Haupt &#8211; Vorstandschaft &nbsp; \u00a0 \u00a0 \u00a0 \u00a0 \u00a0 \u00a0 \u00a0 \u00a0 \u00a0 \u00a0 &nbsp;<\/p>\n","protected":false},"author":10,"featured_media":0,"parent":0,"menu_order":0,"comment_status":"closed","ping_status":"open","template":"","meta":{"footnotes":""},"class_list":["post-187","page","type-page","status-publish","hentry"],"_links":{"self":[{"href":"https:\/\/www.eintracht-schretzheim.de\/index.php?rest_route=\/wp\/v2\/pages\/187","targetHints":{"allow":["GET"]}}],"collection":[{"href":"https:\/\/www.eintracht-schretzheim.de\/index.php?rest_route=\/wp\/v2\/pages"}],"about":[{"href":"https:\/\/www.eintracht-schretzheim.de\/index.php?rest_route=\/wp\/v2\/types\/page"}],"author":[{"embeddable":true,"href":"https:\/\/www.eintracht-schretzheim.de\/index.php?rest_route=\/wp\/v2\/users\/10"}],"replies":[{"embeddable":true,"href":"https:\/\/www.eintracht-schretzheim.de\/index.php?rest_route=%2Fwp%2Fv2%2Fcomments&post=187"}],"version-history":[{"count":61,"href":"https:\/\/www.eintracht-schretzheim.de\/index.php?rest_route=\/wp\/v2\/pages\/187\/revisions"}],"predecessor-version":[{"id":6877,"href":"https:\/\/www.eintracht-schretzheim.de\/index.php?rest_route=\/wp\/v2\/pages\/187\/revisions\/6877"}],"wp:attachment":[{"href":"https:\/\/www.eintracht-schretzheim.de\/index.php?rest_route=%2Fwp%2Fv2%2Fmedia&parent=187"}],"curies":[{"name":"wp","href":"https:\/\/api.w.org\/{rel}","templated":true}]}}

<h3 style="text-align: center;"></h3>
<h3 style="text-align: center;"><a href="https://www.eintracht-schretzheim.de/wp-content/uploads/2022/04/Vorstandschaft-mit-Ehrenmitgliedern.pdf">Vorstandschaft mit Ehrenmitgliedern_Stand 02.04.2022</a></h3>
<p>&nbsp;</p>
<p style="text-align: center;"><span style="color: #ff0000;"><strong><em><span style="text-decoration: underline;">Unter nachfolgendem Link können Sie die Historie aller 1. und 2. Vorstände, sowie der Kassierer und Schriftführer der Eintrachtschützen Schretzheim einsehen</span></em></strong></span></p>
<p style="text-align: center;"><a href="https://www.eintracht-schretzheim.de/wp-content/uploads/2022/04/Historie-Vorstandschaft.pdf">Historie Haupt &#8211; Vorstandschaft</a></p>
<p>&nbsp;</p>
<p><span style="font-size: 10pt;">                   </span></p>
<h3></h3>
<p>&nbsp;</p>

<p>Vorstandschaft mit Ehrenmitgliedern_Stand 02.04.2022 &nbsp; Unter nachfolgendem Link können Sie die Historie aller 1. und 2. Vorstände, sowie der Kassierer und Schriftführer der Eintrachtschützen Schretzheim einsehen Historie Haupt &#8211; Vorstandschaft &nbsp;                     &nbsp;</p>
